CRAN Package Check Results for Package DEoptimR

Last updated on 2021-04-11 11:49:22 CEST.

Flavor Version Tinstall Tcheck Ttotal Status Flags
r-devel-linux-x86_64-debian-clang 1.0-8 1.76 34.73 36.49 OK
r-devel-linux-x86_64-debian-gcc 1.0-8 1.59 26.43 28.02 OK
r-devel-linux-x86_64-fedora-clang 1.0-8 53.84 NOTE
r-devel-linux-x86_64-fedora-gcc 1.0-8 41.27 OK
r-devel-windows-ix86+x86_64 1.0-8 4.00 52.00 56.00 OK
r-devel-windows-x86_64-gcc10-UCRT 1.0-8 OK
r-patched-linux-x86_64 1.0-8 2.24 33.76 36.00 OK
r-patched-solaris-x86 1.0-8 64.80 OK
r-release-linux-x86_64 1.0-8 1.85 33.63 35.48 OK
r-release-macos-x86_64 1.0-8 OK
r-release-windows-ix86+x86_64 1.0-8 4.00 50.00 54.00 OK
r-oldrel-macos-x86_64 1.0-8 OK
r-oldrel-windows-ix86+x86_64 1.0-8 5.00 61.00 66.00 OK

Check Details

Version: 1.0-8
Check: Rd cross-references
Result: NOTE
    Undeclared package ‘DEoptim’ in Rd xrefs
Flavor: r-devel-linux-x86_64-fedora-clang