CRAN Package Check Results for Package DDRTree

Last updated on 2024-06-22 19:58:02 CEST.

Flavor Version Tinstall Tcheck Ttotal Status Flags
r-devel-linux-x86_64-debian-clang 0.1.5 95.77 67.58 163.35 NOTE
r-devel-linux-x86_64-debian-gcc 0.1.5 69.80 56.35 126.15 NOTE
r-devel-linux-x86_64-fedora-clang 0.1.5 186.76 NOTE
r-devel-linux-x86_64-fedora-gcc 0.1.5 224.92 NOTE
r-devel-windows-x86_64 0.1.5 63.00 86.00 149.00 NOTE
r-patched-linux-x86_64 0.1.5 88.14 69.58 157.72 NOTE
r-release-linux-x86_64 0.1.5 78.83 70.78 149.61 NOTE
r-release-macos-arm64 0.1.5 49.00 NOTE
r-release-macos-x86_64 0.1.5 79.00 NOTE
r-release-windows-x86_64 0.1.5 64.00 89.00 153.00 NOTE
r-oldrel-macos-arm64 0.1.5 61.00 NOTE
r-oldrel-macos-x86_64 0.1.5 92.00 NOTE
r-oldrel-windows-x86_64 0.1.5 79.00 105.00 184.00 NOTE

Check Details

Version: 0.1.5
Check: C++ specification
Result: NOTE Specified C++11: please drop specification unless essential Flavors: r-devel-linux-x86_64-debian-clang, r-devel-linux-x86_64-debian-gcc, r-devel-linux-x86_64-fedora-clang, r-devel-linux-x86_64-fedora-gcc, r-devel-windows-x86_64, r-patched-linux-x86_64, r-release-linux-x86_64, r-release-macos-arm64, r-release-macos-x86_64, r-release-windows-x86_64, r-oldrel-macos-arm64, r-oldrel-macos-x86_64, r-oldrel-windows-x86_64

Version: 0.1.5
Check: installed package size
Result: NOTE installed size is 29.0Mb sub-directories of 1Mb or more: libs 28.9Mb Flavors: r-release-macos-arm64, r-release-macos-x86_64, r-oldrel-macos-arm64, r-oldrel-macos-x86_64