Last updated on 2022-05-23 15:53:32 CEST.
Flavor | Version | Tinstall | Tcheck | Ttotal | Status | Flags |
---|---|---|---|---|---|---|
r-devel-linux-x86_64-debian-clang | 0.1.5 | 73.37 | 74.25 | 147.62 | OK | |
r-devel-linux-x86_64-debian-gcc | 0.1.5 | 64.63 | 60.64 | 125.27 | OK | |
r-devel-linux-x86_64-fedora-clang | 0.1.5 | 201.27 | NOTE | |||
r-devel-linux-x86_64-fedora-gcc | 0.1.5 | 191.03 | OK | |||
r-devel-windows-x86_64 | 0.1.5 | 50.00 | 106.00 | 156.00 | OK | |
r-patched-linux-x86_64 | 0.1.5 | 62.32 | 77.10 | 139.42 | OK | |
r-release-linux-x86_64 | 0.1.5 | OK | ||||
r-release-macos-arm64 | 0.1.5 | 54.00 | NOTE | |||
r-release-macos-x86_64 | 0.1.5 | 70.00 | NOTE | |||
r-release-windows-x86_64 | 0.1.5 | 56.00 | 108.00 | 164.00 | OK | |
r-oldrel-macos-arm64 | 0.1.5 | 59.00 | NOTE | |||
r-oldrel-macos-x86_64 | 0.1.5 | 104.00 | NOTE | |||
r-oldrel-windows-ix86+x86_64 | 0.1.5 | 146.00 | 119.00 | 265.00 | OK |
Version: 0.1.5
Check: installed package size
Result: NOTE
installed size is 20.4Mb
sub-directories of 1Mb or more:
libs 20.2Mb
Flavors: r-devel-linux-x86_64-fedora-clang, r-release-macos-arm64, r-release-macos-x86_64, r-oldrel-macos-arm64, r-oldrel-macos-x86_64