CRAN Package Check Results for Package DCEmgmt

Last updated on 2022-05-28 23:55:02 CEST.

Flavor Version Tinstall Tcheck Ttotal Status Flags
r-devel-linux-x86_64-debian-clang 0.0.1 5.58 37.05 42.63 OK
r-devel-linux-x86_64-debian-gcc 0.0.1 4.35 29.06 33.41 OK
r-devel-linux-x86_64-fedora-clang 0.0.1 52.86 NOTE
r-devel-linux-x86_64-fedora-gcc 0.0.1 50.62 NOTE
r-devel-windows-x86_64 0.0.1 14.00 57.00 71.00 OK
r-patched-linux-x86_64 0.0.1 3.91 36.59 40.50 OK
r-release-linux-x86_64 0.0.1 5.42 35.70 41.12 OK
r-release-macos-arm64 0.0.1 21.00 NOTE
r-release-macos-x86_64 0.0.1 33.00 NOTE
r-release-windows-x86_64 0.0.1 13.00 59.00 72.00 OK
r-oldrel-macos-arm64 0.0.1 21.00 NOTE
r-oldrel-macos-x86_64 0.0.1 26.00 NOTE
r-oldrel-windows-ix86+x86_64 0.0.1 10.00 50.00 60.00 OK

Check Details

Version: 0.0.1
Check: data for non-ASCII characters
Result: NOTE
     Note: found 122 marked UTF-8 strings
Flavors: r-devel-linux-x86_64-fedora-clang, r-devel-linux-x86_64-fedora-gcc, r-release-macos-arm64, r-release-macos-x86_64, r-oldrel-macos-arm64, r-oldrel-macos-x86_64