CRAN Package Check Results for Package CsChange

Last updated on 2022-05-26 03:53:07 CEST.

Flavor Version Tinstall Tcheck Ttotal Status Flags
r-devel-linux-x86_64-debian-clang 0.1.6 13.08 129.27 142.35 NOTE
r-devel-linux-x86_64-debian-gcc 0.1.6 10.82 96.00 106.82 NOTE
r-devel-linux-x86_64-fedora-clang 0.1.6 170.17 NOTE
r-devel-linux-x86_64-fedora-gcc 0.1.6 164.39 NOTE
r-devel-windows-x86_64 0.1.6 17.00 134.00 151.00 NOTE
r-patched-linux-x86_64 0.1.6 9.11 119.12 128.23 NOTE
r-release-linux-x86_64 0.1.6 NOTE
r-release-macos-arm64 0.1.6 61.00 NOTE
r-release-macos-x86_64 0.1.6 91.00 NOTE
r-release-windows-x86_64 0.1.6 19.00 138.00 157.00 NOTE
r-oldrel-macos-arm64 0.1.6 62.00 NOTE
r-oldrel-macos-x86_64 0.1.6 89.00 NOTE
r-oldrel-windows-ix86+x86_64 0.1.6 32.00 133.00 165.00 NOTE

Check Details

Version: 0.1.6
Check: LazyData
Result: NOTE
     'LazyData' is specified without a 'data' directory
Flavors: r-devel-linux-x86_64-debian-clang, r-devel-linux-x86_64-debian-gcc, r-devel-linux-x86_64-fedora-clang, r-devel-linux-x86_64-fedora-gcc, r-devel-windows-x86_64, r-patched-linux-x86_64, r-release-linux-x86_64, r-release-macos-arm64, r-release-macos-x86_64, r-release-windows-x86_64, r-oldrel-macos-arm64, r-oldrel-macos-x86_64, r-oldrel-windows-ix86+x86_64