CRAN Package Check Results for Package CovTools

Last updated on 2021-02-28 11:51:49 CET.

Flavor Version Tinstall Tcheck Ttotal Status Flags
r-devel-linux-x86_64-debian-clang 0.5.3 80.04 96.18 176.22 OK
r-devel-linux-x86_64-debian-gcc 0.5.3 54.93 75.26 130.19 OK
r-devel-linux-x86_64-fedora-clang 0.5.3 240.61 OK
r-devel-linux-x86_64-fedora-gcc 0.5.3 224.44 OK
r-devel-windows-ix86+x86_64 0.5.3 134.00 147.00 281.00 OK
r-patched-linux-x86_64 0.5.3 62.14 90.77 152.91 OK
r-patched-solaris-x86 0.5.3 270.70 OK
r-release-linux-x86_64 0.5.3 64.16 89.92 154.08 OK
r-release-macos-x86_64 0.5.3 OK
r-release-windows-ix86+x86_64 0.5.3 193.00 209.00 402.00 OK
r-oldrel-macos-x86_64 0.5.3 WARN
r-oldrel-windows-ix86+x86_64 0.5.3 117.00 138.00 255.00 OK

Check Details

Version: 0.5.3
Check: whether package can be installed
Result: WARN
    Found the following significant warnings:
     Warning: 'rgl_init' failed, running with rgl.useNULL = TRUE
Flavor: r-oldrel-macos-x86_64

Version: 0.5.3
Check: dependencies in R code
Result: NOTE
    No protocol specified
Flavor: r-oldrel-macos-x86_64

Version: 0.5.3
Check: S3 generic/method consistency
Result: WARN
    No protocol specified
    See section ‘Generic functions and methods’ in the ‘Writing R
    Extensions’ manual.
Flavor: r-oldrel-macos-x86_64

Version: 0.5.3
Check: replacement functions
Result: WARN
    No protocol specified
    The argument of a replacement function which corresponds to the right
    hand side must be named ‘value’.
Flavor: r-oldrel-macos-x86_64

Version: 0.5.3
Check: foreign function calls
Result: NOTE
    No protocol specified
    See chapter ‘System and foreign language interfaces’ in the ‘Writing R
    Extensions’ manual.
Flavor: r-oldrel-macos-x86_64

Version: 0.5.3
Check: R code for possible problems
Result: NOTE
    No protocol specified
Flavor: r-oldrel-macos-x86_64

Version: 0.5.3
Check: Rd files
Result: WARN
    No protocol specified
    prepare_Rd: RGL: unable to open X11 display
    prepare_Rd: 'rgl_init' failed, running with rgl.useNULL = TRUE
Flavor: r-oldrel-macos-x86_64

Version: 0.5.3
Check: for missing documentation entries
Result: WARN
    No protocol specified
    All user-level objects in a package should have documentation entries.
    See chapter ‘Writing R documentation files’ in the ‘Writing R
    Extensions’ manual.
Flavor: r-oldrel-macos-x86_64

Version: 0.5.3
Check: for code/documentation mismatches
Result: WARN
    No protocol specified
    No protocol specified
    No protocol specified
Flavor: r-oldrel-macos-x86_64

Version: 0.5.3
Check: Rd \usage sections
Result: NOTE
    No protocol specified
    The \usage entries for S3 methods should use the \method markup and not
    their full name.
    See chapter ‘Writing R documentation files’ in the ‘Writing R
    Extensions’ manual.
Flavor: r-oldrel-macos-x86_64