CRAN Package Check Results for Package Corbi

Last updated on 2021-12-09 03:59:27 CET.

Flavor Version Tinstall Tcheck Ttotal Status Flags
r-devel-linux-x86_64-debian-clang 0.6-1 12.33 122.91 135.24 OK
r-devel-linux-x86_64-debian-gcc 0.6-1 9.11 82.87 91.98 OK
r-devel-linux-x86_64-fedora-clang 0.6-1 166.61 OK
r-devel-linux-x86_64-fedora-gcc 0.6-1 135.72 OK
r-devel-windows-x86_64-new-UL 0.6-1 29.00 179.00 208.00 OK
r-devel-windows-x86_64-new-TK 0.6-1 OK
r-devel-windows-x86_64-old 0.6-1 20.00 137.00 157.00 OK
r-patched-linux-x86_64 0.6-1 11.81 104.01 115.82 OK
r-release-linux-x86_64 0.6-1 11.59 105.77 117.36 OK
r-release-macos-arm64 0.6-1 NOTE
r-release-macos-x86_64 0.6-1 OK
r-release-windows-ix86+x86_64 0.6-1 25.00 168.00 193.00 OK
r-oldrel-macos-x86_64 0.6-1 OK
r-oldrel-windows-ix86+x86_64 0.6-1 31.00 174.00 205.00 OK

Check Details

Version: 0.6-1
Check: package dependencies
Result: NOTE
    Package suggested but not available for checking: ‘BiocParallel’
Flavor: r-release-macos-arm64