Last updated on 2022-05-18 03:53:34 CEST.
Flavor | Version | Tinstall | Tcheck | Ttotal | Status | Flags |
---|---|---|---|---|---|---|
r-devel-linux-x86_64-debian-clang | 1.0.2 | 3.69 | 70.69 | 74.38 | OK | |
r-devel-linux-x86_64-debian-gcc | 1.0.2 | 3.32 | 53.16 | 56.48 | OK | |
r-devel-linux-x86_64-fedora-clang | 1.0.2 | 87.10 | NOTE | |||
r-devel-linux-x86_64-fedora-gcc | 1.0.2 | 83.67 | OK | |||
r-devel-windows-x86_64 | 1.0.2 | 34.00 | 87.00 | 121.00 | NOTE | |
r-patched-linux-x86_64 | 1.0.2 | 5.21 | 67.05 | 72.26 | OK | |
r-release-linux-x86_64 | 1.0.2 | 5.31 | 66.70 | 72.01 | OK | |
r-release-macos-arm64 | 1.0.2 | 23.00 | NOTE | |||
r-release-macos-x86_64 | 1.0.2 | 38.00 | NOTE | |||
r-release-windows-x86_64 | 1.0.2 | 20.00 | 86.00 | 106.00 | NOTE | |
r-oldrel-macos-arm64 | 1.0.2 | 22.00 | NOTE | |||
r-oldrel-macos-x86_64 | 1.0.2 | 35.00 | NOTE | |||
r-oldrel-windows-ix86+x86_64 | 1.0.2 | 17.00 | 83.00 | 100.00 | NOTE |
Version: 1.0.2
Check: installed package size
Result: NOTE
installed size is 7.5Mb
sub-directories of 1Mb or more:
doc 2.3Mb
vignette_data 2.6Mb
Flavors: r-devel-linux-x86_64-fedora-clang, r-devel-windows-x86_64, r-release-macos-arm64, r-release-macos-x86_64, r-release-windows-x86_64, r-oldrel-macos-arm64, r-oldrel-macos-x86_64, r-oldrel-windows-ix86+x86_64