CRAN Package Check Results for Package ComparisonSurv

Last updated on 2021-05-07 11:49:24 CEST.

Flavor Version Tinstall Tcheck Ttotal Status Flags
r-devel-linux-x86_64-debian-clang 1.0.9 8.39 76.25 84.64 OK
r-devel-linux-x86_64-debian-gcc 1.0.9 7.26 56.37 63.63 OK
r-devel-linux-x86_64-fedora-clang 1.0.9 114.32 OK
r-devel-linux-x86_64-fedora-gcc 1.0.9 99.60 OK
r-devel-windows-ix86+x86_64 1.0.9 15.00 98.00 113.00 OK
r-devel-windows-x86_64-gcc10-UCRT 1.0.9 OK
r-patched-linux-x86_64 1.0.9 8.65 71.97 80.62 OK
r-patched-solaris-x86 1.0.9 142.60 OK
r-release-linux-x86_64 1.0.9 9.85 69.22 79.07 OK
r-release-macos-x86_64 1.0.9 OK
r-release-windows-ix86+x86_64 1.0.9 14.00 66.00 80.00 OK
r-oldrel-macos-x86_64 1.0.9 ERROR
r-oldrel-windows-ix86+x86_64 1.0.8 17.00 69.00 86.00 OK

Check Details

Version: 1.0.9
Check: whether package can be installed
Result: ERROR
    Installation failed.
Flavor: r-oldrel-macos-x86_64