Last updated on 2023-03-20 11:53:42 CET.
Flavor | Version | Tinstall | Tcheck | Ttotal | Status | Flags |
---|---|---|---|---|---|---|
r-devel-linux-x86_64-debian-clang | 0.5.8 | OK | ||||
r-devel-linux-x86_64-debian-gcc | 0.5.8 | 9.35 | 21.76 | 31.11 | OK | |
r-devel-linux-x86_64-fedora-clang | 0.5.8 | 49.53 | NOTE | |||
r-devel-linux-x86_64-fedora-gcc | 0.5.8 | 45.16 | NOTE | |||
r-devel-windows-x86_64 | 0.5.8 | 86.00 | 59.00 | 145.00 | OK | |
r-patched-linux-x86_64 | 0.5.8 | 11.07 | 27.34 | 38.41 | OK | |
r-release-linux-x86_64 | 0.5.8 | 9.52 | 26.59 | 36.11 | OK | |
r-release-macos-arm64 | 0.5.8 | 21.00 | NOTE | |||
r-release-macos-x86_64 | 0.5.8 | 29.00 | NOTE | |||
r-release-windows-x86_64 | 0.5.8 | 46.00 | 58.00 | 104.00 | OK | |
r-oldrel-macos-arm64 | 0.5.8 | 11.00 | ERROR | |||
r-oldrel-macos-x86_64 | 0.5.8 | 35.00 | NOTE | |||
r-oldrel-windows-ix86+x86_64 | 0.5.8 | 40.00 | 59.00 | 99.00 | OK |
Version: 0.5.8
Check: dependencies in R code
Result: NOTE
Namespace in Imports field not imported from: ‘Rdpack’
All declared Imports should be used.
Flavors: r-devel-linux-x86_64-fedora-clang, r-devel-linux-x86_64-fedora-gcc, r-release-macos-arm64, r-release-macos-x86_64, r-oldrel-macos-x86_64
Version: 0.5.8
Check: whether package can be installed
Result: ERROR
Installation failed.
Flavor: r-oldrel-macos-arm64