CRAN Package Check Results for Package ClustGeo

Last updated on 2022-05-24 23:53:04 CEST.

Flavor Version Tinstall Tcheck Ttotal Status Flags
r-devel-linux-x86_64-debian-clang 2.1 2.82 56.61 59.43 OK
r-devel-linux-x86_64-debian-gcc 2.1 2.01 42.78 44.79 OK
r-devel-linux-x86_64-fedora-clang 2.1 69.81 NOTE
r-devel-linux-x86_64-fedora-gcc 2.1 72.06 NOTE
r-devel-windows-x86_64 2.1 16.00 79.00 95.00 OK
r-patched-linux-x86_64 2.1 1.98 54.73 56.71 OK
r-release-linux-x86_64 2.1 OK
r-release-macos-arm64 2.1 23.00 NOTE
r-release-macos-x86_64 2.1 33.00 NOTE
r-release-windows-x86_64 2.1 17.00 77.00 94.00 OK
r-oldrel-macos-arm64 2.1 24.00 NOTE
r-oldrel-macos-x86_64 2.1 32.00 NOTE
r-oldrel-windows-ix86+x86_64 2.1 7.00 67.00 74.00 OK

Check Details

Version: 2.1
Check: dependencies in R code
Result: NOTE
    Namespaces in Imports field not imported from:
     ‘sp’ ‘spdep’
     All declared Imports should be used.
Flavors: r-devel-linux-x86_64-fedora-clang, r-devel-linux-x86_64-fedora-gcc, r-release-macos-arm64, r-release-macos-x86_64, r-oldrel-macos-arm64, r-oldrel-macos-x86_64