CRAN Package Check Results for Package ClussCluster

Last updated on 2022-05-23 15:53:31 CEST.

Flavor Version Tinstall Tcheck Ttotal Status Flags
r-devel-linux-x86_64-debian-clang 0.1.0 7.31 88.60 95.91 OK
r-devel-linux-x86_64-debian-gcc 0.1.0 5.43 64.20 69.63 OK
r-devel-linux-x86_64-fedora-clang 0.1.0 113.82 NOTE
r-devel-linux-x86_64-fedora-gcc 0.1.0 112.85 NOTE
r-devel-windows-x86_64 0.1.0 19.00 104.00 123.00 OK
r-patched-linux-x86_64 0.1.0 5.69 82.23 87.92 OK
r-release-linux-x86_64 0.1.0 OK
r-release-macos-arm64 0.1.0 29.00 NOTE
r-release-macos-x86_64 0.1.0 58.00 NOTE
r-release-windows-x86_64 0.1.0 23.00 102.00 125.00 OK
r-oldrel-macos-arm64 0.1.0 42.00 NOTE
r-oldrel-macos-x86_64 0.1.0 58.00 NOTE
r-oldrel-windows-ix86+x86_64 0.1.0 17.00 95.00 112.00 OK

Check Details

Version: 0.1.0
Check: dependencies in R code
Result: NOTE
    Namespace in Imports field not imported from: ‘utils’
     All declared Imports should be used.
Flavors: r-devel-linux-x86_64-fedora-clang, r-devel-linux-x86_64-fedora-gcc, r-release-macos-arm64, r-release-macos-x86_64, r-oldrel-macos-arm64, r-oldrel-macos-x86_64