CRAN Package Check Results for Package ClimInd

Last updated on 2024-06-13 16:49:02 CEST.

Flavor Version Tinstall Tcheck Ttotal Status Flags
r-devel-linux-x86_64-debian-clang 0.1-3 23.07 228.26 251.33 OK
r-devel-linux-x86_64-debian-gcc 0.1-3 0.57 1.74 2.31 ERROR
r-devel-linux-x86_64-fedora-clang 0.1-3 315.06 OK
r-devel-linux-x86_64-fedora-gcc 0.1-3 298.59 OK
r-devel-windows-x86_64 0.1-3 18.00 220.00 238.00 OK
r-patched-linux-x86_64 0.1-3 22.73 217.13 239.86 OK
r-release-linux-x86_64 0.1-3 14.36 221.18 235.54 OK
r-release-macos-arm64 0.1-3 84.00 OK
r-release-macos-x86_64 0.1-3 140.00 OK
r-release-windows-x86_64 0.1-3 20.00 252.00 272.00 OK
r-oldrel-macos-arm64 0.1-3 100.00 OK
r-oldrel-macos-x86_64 0.1-3 163.00 OK
r-oldrel-windows-x86_64 0.1-3 26.00 253.00 279.00 OK

Check Details

Version: 0.1-3
Check: package dependencies
Result: ERROR Package required but not available: ‘SPEI’ Package suggested but not available for checking: ‘testthat’ See section ‘The DESCRIPTION file’ in the ‘Writing R Extensions’ manual. Flavor: r-devel-linux-x86_64-debian-gcc