CRAN Package Check Results for Package ClickClustCont

Last updated on 2021-09-21 15:50:42 CEST.

Flavor Version Tinstall Tcheck Ttotal Status Flags
r-devel-linux-x86_64-debian-clang 0.1.7 2.88 27.86 30.74 OK
r-devel-linux-x86_64-debian-gcc 0.1.7 1.79 21.29 23.08 OK
r-devel-linux-x86_64-fedora-clang 0.1.7 45.29 OK
r-devel-linux-x86_64-fedora-gcc 0.1.7 35.10 OK
r-devel-windows-x86_64 0.1.7 4.00 34.00 38.00 OK
r-devel-windows-x86_64-gcc10-UCRT 0.1.7 ERROR
r-patched-linux-x86_64 0.1.7 2.55 26.71 29.26 OK
r-patched-solaris-x86 0.1.7 52.50 OK
r-release-linux-x86_64 0.1.7 2.38 26.63 29.01 OK
r-release-macos-arm64 0.1.7 OK
r-release-macos-x86_64 0.1.7 OK
r-release-windows-ix86+x86_64 0.1.7 6.00 42.00 48.00 OK
r-oldrel-macos-x86_64 0.1.7 OK
r-oldrel-windows-ix86+x86_64 0.1.7 6.00 32.00 38.00 OK

Check Details

Version: 0.1.7
Check: whether package can be installed
Result: WARN
    Found the following significant warnings:
     WARNING: installation-time patches will not be applied, could not get the patches index
Flavor: r-devel-windows-x86_64-gcc10-UCRT

Version: 0.1.7
Check: PDF version of manual
Result: WARN
    LaTeX errors when creating PDF version.
    This typically indicates Rd problems.
Flavor: r-devel-windows-x86_64-gcc10-UCRT

Version: 0.1.7
Check: PDF version of manual without hyperrefs or index
Result: ERROR
    Re-running with no redirection of stdout/stderr.
Flavor: r-devel-windows-x86_64-gcc10-UCRT