CRAN Package Check Results for Package CircOutlier

Last updated on 2021-09-21 15:50:42 CEST.

Flavor Version Tinstall Tcheck Ttotal Status Flags
r-devel-linux-x86_64-debian-clang 3.2.3 2.28 25.73 28.01 OK
r-devel-linux-x86_64-debian-gcc 3.2.3 1.79 20.70 22.49 OK
r-devel-linux-x86_64-fedora-clang 3.2.3 43.17 OK
r-devel-linux-x86_64-fedora-gcc 3.2.3 32.77 OK
r-devel-windows-x86_64 3.2.3 4.00 35.00 39.00 OK
r-devel-windows-x86_64-gcc10-UCRT 3.2.3 ERROR
r-patched-linux-x86_64 3.2.3 2.49 25.07 27.56 OK
r-patched-solaris-x86 3.2.3 53.60 OK
r-release-linux-x86_64 3.2.3 2.37 25.41 27.78 OK
r-release-macos-arm64 3.2.3 OK
r-release-macos-x86_64 3.2.3 OK
r-release-windows-ix86+x86_64 3.2.3 6.00 41.00 47.00 OK
r-oldrel-macos-x86_64 3.2.3 OK
r-oldrel-windows-ix86+x86_64 3.2.3 6.00 33.00 39.00 OK

Check Details

Version: 3.2.3
Check: whether package can be installed
Result: WARN
    Found the following significant warnings:
     WARNING: installation-time patches will not be applied, could not get the patches index
Flavor: r-devel-windows-x86_64-gcc10-UCRT

Version: 3.2.3
Check: PDF version of manual
Result: WARN
    LaTeX errors when creating PDF version.
    This typically indicates Rd problems.
Flavor: r-devel-windows-x86_64-gcc10-UCRT

Version: 3.2.3
Check: PDF version of manual without hyperrefs or index
Result: ERROR
    Re-running with no redirection of stdout/stderr.
Flavor: r-devel-windows-x86_64-gcc10-UCRT