CRAN Package Check Results for Package CensSpatial

Last updated on 2021-02-25 07:49:41 CET.

Flavor Version Tinstall Tcheck Ttotal Status Flags
r-devel-linux-x86_64-debian-clang 2.58 22.89 168.17 191.06 OK
r-devel-linux-x86_64-debian-gcc 2.58 17.66 127.98 145.64 OK
r-devel-linux-x86_64-fedora-clang 2.58 241.83 OK
r-devel-linux-x86_64-fedora-gcc 2.58 242.90 OK
r-devel-windows-ix86+x86_64 2.58 29.00 127.00 156.00 OK
r-patched-linux-x86_64 2.58 21.26 155.40 176.66 OK
r-patched-solaris-x86 2.58 343.50 OK
r-release-linux-x86_64 2.58 23.05 156.92 179.97 OK
r-release-macos-x86_64 2.58 OK
r-release-windows-ix86+x86_64 2.58 40.00 190.00 230.00 OK
r-oldrel-macos-x86_64 2.58 WARN
r-oldrel-windows-ix86+x86_64 2.58 22.00 168.00 190.00 OK

Additional issues

donttest

Check Details

Version: 2.58
Check: dependencies in R code
Result: NOTE
    No protocol specified
    No protocol specified
Flavor: r-oldrel-macos-x86_64

Version: 2.58
Check: S3 generic/method consistency
Result: WARN
    No protocol specified
    No protocol specified
    See section ‘Generic functions and methods’ in the ‘Writing R
    Extensions’ manual.
Flavor: r-oldrel-macos-x86_64

Version: 2.58
Check: replacement functions
Result: WARN
    No protocol specified
    No protocol specified
    The argument of a replacement function which corresponds to the right
    hand side must be named ‘value’.
Flavor: r-oldrel-macos-x86_64

Version: 2.58
Check: foreign function calls
Result: NOTE
    No protocol specified
    No protocol specified
    See chapter ‘System and foreign language interfaces’ in the ‘Writing R
    Extensions’ manual.
Flavor: r-oldrel-macos-x86_64

Version: 2.58
Check: R code for possible problems
Result: NOTE
    No protocol specified
    No protocol specified
Flavor: r-oldrel-macos-x86_64

Version: 2.58
Check: for missing documentation entries
Result: WARN
    No protocol specified
    No protocol specified
    All user-level objects in a package should have documentation entries.
    See chapter ‘Writing R documentation files’ in the ‘Writing R
    Extensions’ manual.
Flavor: r-oldrel-macos-x86_64

Version: 2.58
Check: for code/documentation mismatches
Result: WARN
    No protocol specified
    No protocol specified
    No protocol specified
    No protocol specified
    No protocol specified
    No protocol specified
Flavor: r-oldrel-macos-x86_64

Version: 2.58
Check: Rd \usage sections
Result: NOTE
    No protocol specified
    No protocol specified
    The \usage entries for S3 methods should use the \method markup and not
    their full name.
    See chapter ‘Writing R documentation files’ in the ‘Writing R
    Extensions’ manual.
Flavor: r-oldrel-macos-x86_64