Last updated on 2023-09-26 16:12:54 CEST.
Flavor | Version | Tinstall | Tcheck | Ttotal | Status | Flags |
---|---|---|---|---|---|---|
r-devel-linux-x86_64-debian-clang | 3.0 | 10.32 | 73.94 | 84.26 | NOTE | |
r-devel-linux-x86_64-debian-gcc | 3.0 | 7.29 | 53.02 | 60.31 | NOTE | |
r-devel-linux-x86_64-fedora-clang | 3.0 | 101.13 | NOTE | |||
r-devel-linux-x86_64-fedora-gcc | 3.0 | 101.27 | NOTE | |||
r-devel-windows-x86_64 | 3.0 | 10.00 | 70.00 | 80.00 | NOTE | |
r-patched-linux-x86_64 | 3.0 | 9.55 | 68.43 | 77.98 | OK | |
r-release-linux-x86_64 | 3.0 | 11.23 | 67.96 | 79.19 | OK | |
r-release-macos-arm64 | 3.0 | 33.00 | OK | |||
r-release-macos-x86_64 | 3.0 | 47.00 | OK | |||
r-release-windows-x86_64 | 3.0 | 14.00 | 77.00 | 91.00 | OK | |
r-oldrel-macos-arm64 | 3.0 | 28.00 | OK | |||
r-oldrel-macos-x86_64 | 3.0 | 41.00 | OK | |||
r-oldrel-windows-x86_64 | 3.0 | 15.00 | 81.00 | 96.00 | OK |
Version: 3.0
Check: Rd contents
Result: NOTE
Auto-generated content requiring editing in Rd object 'CensMFM-package':
\details: ‘...o use the package, including the most important functions ~~’
Flavors: r-devel-linux-x86_64-debian-clang, r-devel-linux-x86_64-debian-gcc, r-devel-linux-x86_64-fedora-clang, r-devel-linux-x86_64-fedora-gcc, r-devel-windows-x86_64