CRAN Package Check Results for Package Cascade

Last updated on 2021-06-21 07:48:38 CEST.

Flavor Version Tinstall Tcheck Ttotal Status Flags
r-devel-linux-x86_64-debian-clang 2.0 11.92 115.29 127.21 OK
r-devel-linux-x86_64-debian-gcc 2.0 10.50 88.42 98.92 OK
r-devel-linux-x86_64-fedora-clang 2.0 162.73 NOTE
r-devel-linux-x86_64-fedora-gcc 2.0 152.63 NOTE
r-devel-windows-x86_64 2.0 17.00 140.00 157.00 OK
r-devel-windows-x86_64-gcc10-UCRT 2.0 ERROR
r-patched-linux-x86_64 2.0 12.14 111.54 123.68 OK
r-patched-solaris-x86 2.0 219.00 NOTE
r-release-linux-x86_64 2.0 10.98 110.93 121.91 OK
r-release-macos-arm64 2.0 NOTE
r-release-macos-x86_64 2.0 NOTE
r-release-windows-ix86+x86_64 2.0 26.00 141.00 167.00 OK
r-oldrel-macos-x86_64 2.0 NOTE

Check Details

Version: 2.0
Check: dependencies in R code
Result: NOTE
    Namespace in Imports field not imported from: ‘abind’
     All declared Imports should be used.
Flavors: r-devel-linux-x86_64-fedora-clang, r-devel-linux-x86_64-fedora-gcc, r-patched-solaris-x86, r-release-macos-arm64, r-release-macos-x86_64, r-oldrel-macos-x86_64

Version: 2.0
Check: package dependencies
Result: ERROR
    Package required but not available: 'animation'
    
    See section 'The DESCRIPTION file' in the 'Writing R Extensions'
    manual.
Flavor: r-devel-windows-x86_64-gcc10-UCRT