CRAN Package Check Results for Package CalibrateSSB

Last updated on 2024-06-21 20:48:10 CEST.

Flavor Version Tinstall Tcheck Ttotal Status Flags
r-devel-linux-x86_64-debian-clang 1.3.0 13.04 115.74 128.78 NOTE
r-devel-linux-x86_64-debian-gcc 1.3.0 8.52 85.27 93.79 NOTE
r-devel-linux-x86_64-fedora-clang 1.3.0 155.61 NOTE
r-devel-linux-x86_64-fedora-gcc 1.3.0 154.99 NOTE
r-devel-windows-x86_64 1.3.0 10.00 99.00 109.00 NOTE
r-patched-linux-x86_64 1.3.0 10.92 109.24 120.16 NOTE
r-release-linux-x86_64 1.3.0 10.19 111.00 121.19 NOTE
r-release-macos-arm64 1.3.0 47.00 NOTE
r-release-macos-x86_64 1.3.0 73.00 NOTE
r-release-windows-x86_64 1.3.0 10.00 104.00 114.00 NOTE
r-oldrel-macos-arm64 1.3.0 46.00 NOTE
r-oldrel-macos-x86_64 1.3.0 75.00 NOTE
r-oldrel-windows-x86_64 1.3.0 12.00 118.00 130.00 NOTE

Check Details

Version: 1.3.0
Check: package dependencies
Result: NOTE Package suggested but not available for checking: ‘ReGenesees’ Flavors: r-devel-linux-x86_64-debian-clang, r-devel-linux-x86_64-debian-gcc, r-devel-linux-x86_64-fedora-clang, r-devel-linux-x86_64-fedora-gcc, r-devel-windows-x86_64, r-patched-linux-x86_64, r-release-linux-x86_64, r-release-macos-arm64, r-release-macos-x86_64, r-release-windows-x86_64, r-oldrel-macos-arm64, r-oldrel-macos-x86_64, r-oldrel-windows-x86_64