CRAN Package Check Results for Package CORM

Last updated on 2022-05-24 11:50:02 CEST.

Flavor Version Tinstall Tcheck Ttotal Status Flags
r-devel-linux-x86_64-debian-clang 1.0.2 4.40 61.34 65.74 NOTE
r-devel-linux-x86_64-debian-gcc 1.0.2 4.47 46.04 50.51 NOTE
r-devel-linux-x86_64-fedora-clang 1.0.2 85.10 NOTE
r-devel-linux-x86_64-fedora-gcc 1.0.2 82.89 NOTE
r-devel-windows-x86_64 1.0.2 18.00 75.00 93.00 NOTE
r-patched-linux-x86_64 1.0.2 5.68 60.52 66.20 NOTE
r-release-linux-x86_64 1.0.2 NOTE
r-release-macos-arm64 1.0.2 21.00 NOTE
r-release-macos-x86_64 1.0.2 32.00 NOTE
r-release-windows-x86_64 1.0.2 19.00 76.00 95.00 NOTE
r-oldrel-macos-arm64 1.0.2 32.00 NOTE
r-oldrel-macos-x86_64 1.0.2 50.00 NOTE
r-oldrel-windows-ix86+x86_64 1.0.2 10.00 68.00 78.00 NOTE

Check Details

Version: 1.0.2
Check: R code for possible problems
Result: NOTE
    compute.llh: no visible global function definition for 'dnorm'
    compute.u.hat.simple: no visible global function definition for 'dnorm'
    fit.CLM.1u.simple.start: no visible global function definition for
     'kmeans'
    fit.CLMM.simple.start: no visible global function definition for
     'kmeans'
    fit.CLMM.simple.start.NA: no visible global function definition for
     'kmeans'
    Undefined global functions or variables:
     dnorm kmeans
    Consider adding
     importFrom("stats", "dnorm", "kmeans")
    to your NAMESPACE file.
Flavors: r-devel-linux-x86_64-debian-clang, r-devel-linux-x86_64-debian-gcc, r-devel-linux-x86_64-fedora-clang, r-devel-linux-x86_64-fedora-gcc, r-devel-windows-x86_64, r-patched-linux-x86_64, r-release-linux-x86_64, r-release-macos-arm64, r-release-macos-x86_64, r-release-windows-x86_64, r-oldrel-macos-arm64, r-oldrel-macos-x86_64, r-oldrel-windows-ix86+x86_64