CRAN Package Check Results for Package CNVScope

Last updated on 2024-02-25 15:51:15 CET.

Flavor Version Tinstall Tcheck Ttotal Status Flags
r-devel-linux-x86_64-debian-clang 3.7.2 79.84 804.57 884.41 OK
r-devel-linux-x86_64-debian-gcc 3.7.2 69.49 600.96 670.45 OK
r-devel-linux-x86_64-fedora-clang 3.7.2 1101.79 NOTE
r-devel-linux-x86_64-fedora-gcc 3.7.2 1070.01 NOTE
r-devel-windows-x86_64 3.7.2 70.00 562.00 632.00 NOTE
r-patched-linux-x86_64 3.7.2 74.58 774.57 849.15 OK
r-release-linux-x86_64 3.7.2 78.09 773.48 851.57 OK
r-release-macos-arm64 3.7.2 5.00 ERROR
r-release-macos-x86_64 3.7.2 539.00 NOTE
r-release-windows-x86_64 3.7.2 91.00 749.00 840.00 NOTE
r-oldrel-macos-arm64 3.7.2 10.00 ERROR
r-oldrel-windows-x86_64 3.7.2 88.00 693.00 781.00 NOTE

Check Details

Version: 3.7.2
Check: installed package size
Result: NOTE installed size is 5.3Mb sub-directories of 1Mb or more: doc 3.2Mb extdata 1.7Mb Flavors: r-devel-linux-x86_64-fedora-clang, r-devel-windows-x86_64, r-release-macos-x86_64, r-release-windows-x86_64, r-oldrel-windows-x86_64

Version: 3.7.2
Check: dependencies in R code
Result: NOTE Namespace in Imports field not imported from: 'Hmisc' All declared Imports should be used. Flavors: r-devel-linux-x86_64-fedora-clang, r-devel-linux-x86_64-fedora-gcc

Version: 3.7.2
Check: package dependencies
Result: ERROR Package required but not available: ‘GenomicInteractions’ Packages suggested but not available for checking: 'InteractionSet', 'BSgenome.Hsapiens.UCSC.hg19' See section ‘The DESCRIPTION file’ in the ‘Writing R Extensions’ manual. Flavor: r-release-macos-arm64

Version: 3.7.2
Check: package dependencies
Result: NOTE Package suggested but not available for checking: ‘BSgenome.Hsapiens.UCSC.hg19’ Flavor: r-release-macos-x86_64

Version: 3.7.2
Check: package dependencies
Result: ERROR Package required but not available: ‘GenomicInteractions’ Package suggested but not available for checking: ‘BSgenome.Hsapiens.UCSC.hg19’ See section ‘The DESCRIPTION file’ in the ‘Writing R Extensions’ manual. Flavor: r-oldrel-macos-arm64