CRAN Package Check Results for Package CLME

Last updated on 2024-07-22 11:56:21 CEST.

Flavor Version Tinstall Tcheck Ttotal Status Flags
r-devel-linux-x86_64-debian-clang 2.0-12 16.94 121.64 138.58 NOTE
r-devel-linux-x86_64-debian-gcc 2.0-12 12.40 94.65 107.05 NOTE
r-devel-linux-x86_64-fedora-clang 2.0-12 174.45 NOTE
r-devel-linux-x86_64-fedora-gcc 2.0-12 167.93 NOTE
r-devel-windows-x86_64 2.0-12 13.00 111.00 124.00 NOTE
r-patched-linux-x86_64 2.0-12 16.89 120.95 137.84 NOTE
r-release-linux-x86_64 2.0-12 15.08 122.23 137.31 NOTE
r-release-macos-arm64 2.0-12 51.00 NOTE
r-release-macos-x86_64 2.0-12 71.00 NOTE
r-release-windows-x86_64 2.0-12 13.00 110.00 123.00 NOTE
r-oldrel-macos-arm64 2.0-12 56.00 NOTE
r-oldrel-macos-x86_64 2.0-12 92.00 NOTE
r-oldrel-windows-x86_64 2.0-12 19.00 133.00 152.00 NOTE

Check Details

Version: 2.0-12
Check: Rd files
Result: NOTE checkRd: (-1) clme.Rd:46: Lost braces in \itemize; \value handles \item{}{} directly checkRd: (-1) clme.Rd:47: Lost braces in \itemize; \value handles \item{}{} directly checkRd: (-1) clme.Rd:48: Lost braces in \itemize; \value handles \item{}{} directly checkRd: (-1) clme.Rd:49: Lost braces in \itemize; \value handles \item{}{} directly checkRd: (-1) clme.Rd:50: Lost braces in \itemize; \value handles \item{}{} directly checkRd: (-1) clme.Rd:51: Lost braces in \itemize; \value handles \item{}{} directly checkRd: (-1) clme.Rd:52: Lost braces in \itemize; \value handles \item{}{} directly checkRd: (-1) clme.Rd:53: Lost braces in \itemize; \value handles \item{}{} directly checkRd: (-1) clme.Rd:54: Lost braces in \itemize; \value handles \item{}{} directly checkRd: (-1) clme.Rd:55: Lost braces in \itemize; \value handles \item{}{} directly checkRd: (-1) clme.Rd:56: Lost braces in \itemize; \value handles \item{}{} directly checkRd: (-1) clme.Rd:57: Lost braces in \itemize; \value handles \item{}{} directly checkRd: (-1) clme.Rd:58: Lost braces in \itemize; \value handles \item{}{} directly checkRd: (-1) clme.Rd:59: Lost braces in \itemize; \value handles \item{}{} directly checkRd: (-1) clme.Rd:60: Lost braces in \itemize; \value handles \item{}{} directly checkRd: (-1) clme.Rd:61: Lost braces in \itemize; \value handles \item{}{} directly checkRd: (-1) clme.Rd:62: Lost braces in \itemize; \value handles \item{}{} directly checkRd: (-1) clme.Rd:63: Lost braces in \itemize; \value handles \item{}{} directly checkRd: (-1) clme.Rd:64: Lost braces in \itemize; \value handles \item{}{} directly checkRd: (-1) clme.Rd:65: Lost braces in \itemize; \value handles \item{}{} directly checkRd: (-1) clme.Rd:84: Escaped LaTeX specials: \& checkRd: (-1) clme_em.Rd:107: Lost braces in \itemize; \value handles \item{}{} directly checkRd: (-1) clme_em.Rd:108: Lost braces in \itemize; \value handles \item{}{} directly checkRd: (-1) clme_em.Rd:109: Lost braces in \itemize; \value handles \item{}{} directly checkRd: (-1) clme_em.Rd:110: Lost braces in \itemize; \value handles \item{}{} directly checkRd: (-1) clme_em.Rd:111: Lost braces in \itemize; \value handles \item{}{} directly checkRd: (-1) clme_em.Rd:112: Lost braces in \itemize; \value handles \item{}{} directly checkRd: (-1) clme_em.Rd:113: Lost braces in \itemize; \value handles \item{}{} directly checkRd: (-1) clme_em.Rd:114: Lost braces in \itemize; \value handles \item{}{} directly checkRd: (-1) create.constraints.Rd:17: Lost braces in \itemize; \value handles \item{}{} directly checkRd: (-1) create.constraints.Rd:18: Lost braces in \itemize; \value handles \item{}{} directly checkRd: (-1) create.constraints.Rd:19: Lost braces in \itemize; \value handles \item{}{} directly checkRd: (-1) create.constraints.Rd:20: Lost braces in \itemize; \value handles \item{}{} directly checkRd: (-1) create.constraints.Rd:21: Lost braces in \itemize; \value handles \item{}{} directly checkRd: (-1) create.constraints.Rd:22: Lost braces in \itemize; \value handles \item{}{} directly Flavors: r-devel-linux-x86_64-debian-clang, r-devel-linux-x86_64-debian-gcc, r-devel-linux-x86_64-fedora-clang, r-devel-linux-x86_64-fedora-gcc, r-devel-windows-x86_64, r-patched-linux-x86_64, r-release-linux-x86_64, r-release-macos-arm64, r-release-macos-x86_64, r-release-windows-x86_64

Version: 2.0-12
Check: Rd files
Result: NOTE checkRd: (-1) clme.Rd:84: Escaped LaTeX specials: \& Flavors: r-oldrel-macos-arm64, r-oldrel-macos-x86_64, r-oldrel-windows-x86_64