CRAN Package Check Results for Package CITAN

Last updated on 2024-07-21 15:53:30 CEST.

Flavor Version Tinstall Tcheck Ttotal Status Flags
r-devel-linux-x86_64-debian-clang 2022.1.1 7.93 54.47 62.40 OK
r-devel-linux-x86_64-debian-gcc 2022.1.1 5.47 41.25 46.72 NOTE
r-devel-linux-x86_64-fedora-clang 2022.1.1 77.35 OK
r-devel-linux-x86_64-fedora-gcc 2022.1.1 72.42 OK
r-devel-windows-x86_64 2022.1.1 8.00 71.00 79.00 NOTE
r-patched-linux-x86_64 2022.1.1 8.73 53.21 61.94 OK
r-release-linux-x86_64 2022.1.1 7.22 52.15 59.37 OK
r-release-macos-arm64 2022.1.1 27.00 OK
r-release-macos-x86_64 2022.1.1 44.00 OK
r-release-windows-x86_64 2022.1.1 7.00 68.00 75.00 OK
r-oldrel-macos-arm64 2022.1.1 25.00 OK
r-oldrel-macos-x86_64 2022.1.1 36.00 OK
r-oldrel-windows-x86_64 2022.1.1 9.00 74.00 83.00 OK

Check Details

Version: 2022.1.1
Check: Rd cross-references
Result: NOTE Found the following Rd file(s) with Rd \link{} targets missing package anchors: dbExecQuery.Rd: dbSendQuery, dbClearResult, dbGetQuery lbsClear.Rd: dbCommit, dbRollback lbsDeleteAllAuthorsDocuments.Rd: dbCommit, dbRollback lbsTidy.Rd: dbCommit, dbRollback Please provide package anchors for all Rd \link{} targets not in the package itself and the base packages. Flavors: r-devel-linux-x86_64-debian-gcc, r-devel-windows-x86_64