CRAN Package Check Results for Package CINNA

Last updated on 2021-12-09 11:51:25 CET.

Flavor Version Tinstall Tcheck Ttotal Status Flags
r-devel-linux-x86_64-debian-clang 1.1.55 15.57 161.94 177.51 OK
r-devel-linux-x86_64-debian-gcc 1.1.55 11.98 118.37 130.35 OK
r-devel-linux-x86_64-fedora-clang 1.1.55 211.03 NOTE
r-devel-linux-x86_64-fedora-gcc 1.1.55 192.54 NOTE
r-devel-windows-x86_64-new-UL 1.1.55 30.00 204.00 234.00 OK
r-devel-windows-x86_64-new-TK 1.1.55 NOTE
r-devel-windows-x86_64-old 1.1.55 23.00 184.00 207.00 OK
r-patched-linux-x86_64 1.1.55 14.58 151.24 165.82 OK
r-release-linux-x86_64 1.1.55 14.63 147.90 162.53 OK
r-release-macos-arm64 1.1.55 NOTE
r-release-macos-x86_64 1.1.55 NOTE
r-release-windows-ix86+x86_64 1.1.55 36.00 174.00 210.00 OK
r-oldrel-macos-x86_64 1.1.55 NOTE
r-oldrel-windows-ix86+x86_64 1.1.55 35.00 189.00 224.00 OK

Check Details

Version: 1.1.55
Check: dependencies in R code
Result: NOTE
    Namespace in Imports field not imported from: ‘circlize’
     All declared Imports should be used.
Flavors: r-devel-linux-x86_64-fedora-clang, r-devel-linux-x86_64-fedora-gcc, r-devel-windows-x86_64-new-TK, r-release-macos-arm64, r-release-macos-x86_64, r-oldrel-macos-x86_64