CRAN Package Check Results for Package CINE

Last updated on 2023-02-06 11:56:00 CET.

Flavor Version Tinstall Tcheck Ttotal Status Flags
r-devel-linux-x86_64-debian-clang 0.1.3 11.03 94.04 105.07 OK
r-devel-linux-x86_64-debian-gcc 0.1.3 9.35 68.42 77.77 OK
r-devel-linux-x86_64-fedora-clang 0.1.3 134.76 NOTE
r-devel-linux-x86_64-fedora-gcc 0.1.3 129.64 NOTE
r-devel-windows-x86_64 0.1.3 16.00 119.00 135.00 OK
r-patched-linux-x86_64 0.1.3 10.08 88.99 99.07 OK
r-release-linux-x86_64 0.1.3 9.76 89.98 99.74 OK
r-release-macos-arm64 0.1.3 36.00 NOTE
r-release-macos-x86_64 0.1.3 53.00 NOTE
r-release-windows-x86_64 0.1.3 18.00 127.00 145.00 OK
r-oldrel-macos-arm64 0.1.3 34.00 NOTE
r-oldrel-macos-x86_64 0.1.3 57.00 NOTE
r-oldrel-windows-ix86+x86_64 0.1.3 24.00 111.00 135.00 OK

Check Details

Version: 0.1.3
Check: data for non-ASCII characters
Result: NOTE
     Note: found 28982 marked UTF-8 strings
Flavors: r-devel-linux-x86_64-fedora-clang, r-devel-linux-x86_64-fedora-gcc, r-release-macos-arm64, r-release-macos-x86_64, r-oldrel-macos-arm64, r-oldrel-macos-x86_64