CRAN Package Check Results for Package CINE

Last updated on 2024-06-19 00:49:25 CEST.

Flavor Version Tinstall Tcheck Ttotal Status Flags
r-devel-linux-x86_64-debian-clang 0.1.3 11.19 93.46 104.65 OK
r-devel-linux-x86_64-debian-gcc 0.1.3 7.92 68.47 76.39 OK
r-devel-linux-x86_64-fedora-clang 0.1.3 128.67 NOTE
r-devel-linux-x86_64-fedora-gcc 0.1.3 123.06 NOTE
r-devel-windows-x86_64 0.1.3 9.00 85.00 94.00 OK
r-patched-linux-x86_64 0.1.3 9.57 89.39 98.96 OK
r-release-linux-x86_64 0.1.3 11.49 87.77 99.26 OK
r-release-macos-arm64 0.1.3 41.00 OK
r-release-macos-x86_64 0.1.3 58.00 OK
r-release-windows-x86_64 0.1.3 10.00 87.00 97.00 OK
r-oldrel-macos-arm64 0.1.3 42.00 OK
r-oldrel-macos-x86_64 0.1.3 59.00 OK
r-oldrel-windows-x86_64 0.1.3 15.00 98.00 113.00 OK

Check Details

Version: 0.1.3
Check: data for non-ASCII characters
Result: NOTE Note: found 28982 marked UTF-8 strings Flavors: r-devel-linux-x86_64-fedora-clang, r-devel-linux-x86_64-fedora-gcc