CRAN Package Check Results for Package CIEE

Last updated on 2021-06-17 15:49:01 CEST.

Flavor Version Tinstall Tcheck Ttotal Status Flags
r-devel-linux-x86_64-debian-clang 0.1.1 3.66 60.53 64.19 NOTE
r-devel-linux-x86_64-debian-gcc 0.1.1 2.85 45.41 48.26 NOTE
r-devel-linux-x86_64-fedora-clang 0.1.1 83.55 NOTE
r-devel-linux-x86_64-fedora-gcc 0.1.1 75.13 NOTE
r-devel-windows-x86_64 0.1.1 6.00 64.00 70.00 NOTE
r-devel-windows-x86_64-gcc10-UCRT 0.1.1 NOTE
r-patched-linux-x86_64 0.1.1 3.54 58.24 61.78 NOTE
r-patched-solaris-x86 0.1.1 97.60 NOTE
r-release-linux-x86_64 0.1.1 3.36 58.01 61.37 NOTE
r-release-macos-arm64 0.1.1 NOTE
r-release-macos-x86_64 0.1.1 NOTE
r-release-windows-ix86+x86_64 0.1.1 6.00 88.00 94.00 NOTE
r-oldrel-macos-x86_64 0.1.1 OK
r-oldrel-windows-ix86+x86_64 0.1.1 5.00 90.00 95.00 OK

Check Details

Version: 0.1.1
Check: LazyData
Result: NOTE
     'LazyData' is specified without a 'data' directory
Flavors: r-devel-linux-x86_64-debian-clang, r-devel-linux-x86_64-debian-gcc, r-devel-linux-x86_64-fedora-clang, r-devel-linux-x86_64-fedora-gcc, r-devel-windows-x86_64, r-devel-windows-x86_64-gcc10-UCRT, r-patched-linux-x86_64, r-patched-solaris-x86, r-release-linux-x86_64, r-release-macos-arm64, r-release-macos-x86_64, r-release-windows-ix86+x86_64