Last updated on 2022-05-19 15:53:14 CEST.
Flavor | Version | Tinstall | Tcheck | Ttotal | Status | Flags |
---|---|---|---|---|---|---|
r-devel-linux-x86_64-debian-clang | 0.99.0 | 0.32 | 12.20 | 12.52 | ERROR | |
r-devel-linux-x86_64-debian-gcc | 0.99.0 | 23.13 | 193.75 | 216.88 | OK | |
r-devel-linux-x86_64-fedora-clang | 0.99.0 | 349.04 | OK | |||
r-devel-linux-x86_64-fedora-gcc | 0.99.0 | 335.93 | OK | |||
r-devel-windows-x86_64 | 0.99.0 | 32.00 | 264.00 | 296.00 | OK | |
r-patched-linux-x86_64 | 0.99.0 | 31.74 | 249.48 | 281.22 | OK | |
r-release-linux-x86_64 | 0.99.0 | 18.88 | 250.01 | 268.89 | OK | |
r-release-macos-arm64 | 0.99.0 | 83.00 | OK | |||
r-release-macos-x86_64 | 0.99.0 | 140.00 | OK | |||
r-release-windows-x86_64 | 0.99.0 | 33.00 | 261.00 | 294.00 | OK | |
r-oldrel-macos-arm64 | 0.99.0 | 120.00 | OK | |||
r-oldrel-macos-x86_64 | 0.99.0 | 110.00 | OK | |||
r-oldrel-windows-ix86+x86_64 | 0.99.0 | 66.00 | 265.00 | 331.00 | OK |
Version: 0.99.0
Check: package dependencies
Result: ERROR
Package required but not available: 'edgeR'
See section 'The DESCRIPTION file' in the 'Writing R Extensions'
manual.
Flavor: r-devel-linux-x86_64-debian-clang