CRAN Package Check Results for Package CDM

Last updated on 2021-03-06 23:48:25 CET.

Flavor Version Tinstall Tcheck Ttotal Status Flags
r-devel-linux-x86_64-debian-clang 7.5-15 185.18 158.00 343.18 OK
r-devel-linux-x86_64-debian-gcc 7.5-15 111.82 116.60 228.42 OK
r-devel-linux-x86_64-fedora-clang 7.5-15 450.78 NOTE
r-devel-linux-x86_64-fedora-gcc 7.5-15 400.95 OK
r-devel-windows-ix86+x86_64 7.5-15 388.00 231.00 619.00 NOTE
r-patched-linux-x86_64 7.5-15 137.33 144.96 282.29 OK
r-patched-solaris-x86 7.5-15 398.90 OK
r-release-linux-x86_64 7.5-15 135.61 144.04 279.65 OK
r-release-macos-x86_64 7.5-15 NOTE
r-release-windows-ix86+x86_64 7.5-15 286.00 171.00 457.00 NOTE
r-oldrel-macos-x86_64 7.5-15 NOTE
r-oldrel-windows-ix86+x86_64 7.5-15 257.00 155.00 412.00 OK

Check Details

Version: 7.5-15
Check: installed package size
Result: NOTE
     installed size is 7.0Mb
     sub-directories of 1Mb or more:
     data 1.3Mb
     libs 4.2Mb
Flavors: r-devel-linux-x86_64-fedora-clang, r-devel-windows-ix86+x86_64, r-release-macos-x86_64, r-release-windows-ix86+x86_64, r-oldrel-macos-x86_64

Version: 7.5-15
Check: Rd cross-references
Result: NOTE
    Undeclared package ‘car’ in Rd xrefs
Flavor: r-devel-linux-x86_64-fedora-clang