CRAN Package Check Results for Package CCpop

Last updated on 2021-06-12 23:49:02 CEST.

Flavor Version Tinstall Tcheck Ttotal Status Flags
r-devel-linux-x86_64-debian-clang 1.0 3.20 26.91 30.11 NOTE
r-devel-linux-x86_64-debian-gcc 1.0 2.40 21.36 23.76 NOTE
r-devel-linux-x86_64-fedora-clang 1.0 45.47 NOTE
r-devel-linux-x86_64-fedora-gcc 1.0 34.98 NOTE
r-devel-windows-x86_64 1.0 4.00 104.00 108.00 NOTE
r-devel-windows-x86_64-gcc10-UCRT 1.0 NOTE
r-patched-linux-x86_64 1.0 3.67 26.64 30.31 NOTE
r-patched-solaris-x86 1.0 53.40 NOTE
r-release-linux-x86_64 1.0 3.04 26.48 29.52 NOTE
r-release-macos-arm64 1.0 NOTE
r-release-macos-x86_64 1.0 NOTE
r-release-windows-ix86+x86_64 1.0 5.00 41.00 46.00 NOTE
r-oldrel-macos-x86_64 1.0 NOTE
r-oldrel-windows-ix86+x86_64 1.0 5.00 66.00 71.00 NOTE

Check Details

Version: 1.0
Check: R code for possible problems
Result: NOTE
    .my.chisq.test.2d: no visible global function definition for 'pchisq'
    .my.chisq.test.3d: no visible global function definition for 'pchisq'
    .my.g.test.2d: no visible global function definition for 'pchisq'
    .my.g.test.3d: no visible global function definition for 'pchisq'
    conditional.assoc.test.pure.pop.hwe.le.kpy: no visible global function
     definition for 'pchisq'
    marginal.assoc.test.hwe.in.controls: no visible global function
     definition for 'pchisq'
    marginal.assoc.test.kpx.kpy: no visible global function definition for
     'constrOptim'
    marginal.assoc.test.kpx.kpy: no visible global function definition for
     'pchisq'
    marginal.assoc.test.pop.hwe.kpy: no visible global function definition
     for 'pchisq'
    marginal.assoc.test.unconstrained.chisq: no visible global function
     definition for 'pchisq'
    marginal.assoc.test.unconstrained.gsq: no visible global function
     definition for 'pchisq'
    pairwise.assoc.test.hwe.le.kpy: no visible global function definition
     for 'pchisq'
    pairwise.assoc.test.kpx.kpy: no visible global function definition for
     'constrOptim'
    pairwise.assoc.test.kpx.kpy: no visible global function definition for
     'pchisq'
    pairwise.assoc.test.kpy: no visible global function definition for
     'pchisq'
    pairwise.assoc.test.pop.hwe.le.kpy: no visible global function
     definition for 'pchisq'
    pairwise.assoc.test.pop.kpy: no visible global function definition for
     'pchisq'
    pairwise.assoc.test.pure.pop.hwe.le.kpy: no visible global function
     definition for 'pchisq'
    pairwise.assoc.test.pure.pop.kpy: no visible global function definition
     for 'pchisq'
    pairwise.assoc.test.pure.unconstrained: no visible global function
     definition for 'anova'
    pairwise.assoc.test.pure.unconstrained: no visible global function
     definition for 'glm'
    pairwise.assoc.test.pure.unconstrained: no visible binding for global
     variable 'binomial'
    Undefined global functions or variables:
     anova binomial constrOptim glm pchisq
    Consider adding
     importFrom("stats", "anova", "binomial", "constrOptim", "glm",
     "pchisq")
    to your NAMESPACE file.
Flavors: r-devel-linux-x86_64-debian-clang, r-devel-linux-x86_64-debian-gcc, r-devel-linux-x86_64-fedora-clang, r-devel-linux-x86_64-fedora-gcc, r-devel-windows-x86_64, r-devel-windows-x86_64-gcc10-UCRT, r-patched-linux-x86_64, r-patched-solaris-x86, r-release-linux-x86_64, r-release-macos-arm64, r-release-macos-x86_64, r-release-windows-ix86+x86_64, r-oldrel-macos-x86_64, r-oldrel-windows-ix86+x86_64