Last updated on 2021-02-24 19:48:03 CET.
Flavor | Version | Tinstall | Tcheck | Ttotal | Status | Flags |
---|---|---|---|---|---|---|
r-devel-linux-x86_64-debian-clang | 1.5.2 | 17.54 | 77.39 | 94.93 | NOTE | |
r-devel-linux-x86_64-debian-gcc | 1.5.2 | 12.41 | 58.16 | 70.57 | NOTE | |
r-devel-linux-x86_64-fedora-clang | 1.5.2 | 127.79 | NOTE | |||
r-devel-linux-x86_64-fedora-gcc | 1.5.2 | 122.98 | NOTE | |||
r-devel-windows-ix86+x86_64 | 1.5.2 | 16.00 | 58.00 | 74.00 | OK | |
r-patched-linux-x86_64 | 1.5.2 | 16.43 | 69.85 | 86.28 | NOTE | |
r-patched-solaris-x86 | 1.5.2 | 152.00 | NOTE | |||
r-release-linux-x86_64 | 1.5.2 | 16.73 | 69.66 | 86.39 | NOTE | |
r-release-macos-x86_64 | 1.5.2 | OK | ||||
r-release-windows-ix86+x86_64 | 1.5.2 | 31.00 | 86.00 | 117.00 | OK | |
r-oldrel-macos-x86_64 | 1.5.2 | OK | ||||
r-oldrel-windows-ix86+x86_64 | 1.5.2 | 14.00 | 76.00 | 90.00 | OK |
Version: 1.5.2
Check: for non-standard things in the check directory
Result: NOTE
Found the following files/directories:
'hotcold.csv'
Flavors: r-devel-linux-x86_64-debian-clang, r-devel-linux-x86_64-debian-gcc, r-devel-linux-x86_64-fedora-clang, r-devel-linux-x86_64-fedora-gcc, r-patched-linux-x86_64, r-patched-solaris-x86, r-release-linux-x86_64