CRAN Package Check Results for Package CCM

Last updated on 2021-09-21 15:50:41 CEST.

Flavor Version Tinstall Tcheck Ttotal Status Flags
r-devel-linux-x86_64-debian-clang 1.2 1.89 24.00 25.89 OK
r-devel-linux-x86_64-debian-gcc 1.2 1.42 18.90 20.32 OK
r-devel-linux-x86_64-fedora-clang 1.2 40.51 OK
r-devel-linux-x86_64-fedora-gcc 1.2 30.38 OK
r-devel-windows-x86_64 1.2 5.00 30.00 35.00 OK
r-devel-windows-x86_64-gcc10-UCRT 1.2 ERROR
r-patched-linux-x86_64 1.2 2.08 23.35 25.43 OK
r-patched-solaris-x86 1.2 47.10 OK
r-release-linux-x86_64 1.2 1.78 23.14 24.92 OK
r-release-macos-arm64 1.2 OK
r-release-macos-x86_64 1.2 OK
r-release-windows-ix86+x86_64 1.2 5.00 38.00 43.00 OK
r-oldrel-macos-x86_64 1.2 OK
r-oldrel-windows-ix86+x86_64 1.2 6.00 36.00 42.00 OK

Check Details

Version: 1.2
Check: whether package can be installed
Result: WARN
    Found the following significant warnings:
     WARNING: installation-time patches will not be applied, could not get the patches index
Flavor: r-devel-windows-x86_64-gcc10-UCRT

Version: 1.2
Check: PDF version of manual
Result: WARN
    LaTeX errors when creating PDF version.
    This typically indicates Rd problems.
Flavor: r-devel-windows-x86_64-gcc10-UCRT

Version: 1.2
Check: PDF version of manual without hyperrefs or index
Result: ERROR
    Re-running with no redirection of stdout/stderr.
Flavor: r-devel-windows-x86_64-gcc10-UCRT