CRAN Package Check Results for Package CB2

Last updated on 2024-04-17 08:57:26 CEST.

Flavor Version Tinstall Tcheck Ttotal Status Flags
r-devel-linux-x86_64-debian-clang 1.3.4 45.82 99.91 145.73 NOTE
r-devel-linux-x86_64-debian-gcc 1.3.4 36.11 75.29 111.40 NOTE
r-devel-linux-x86_64-fedora-clang 1.3.4 206.30 NOTE
r-devel-linux-x86_64-fedora-gcc 1.3.4 208.99 NOTE
r-prerel-macos-arm64 1.3.4 58.00 NOTE
r-prerel-macos-x86_64 1.3.4 102.00 NOTE
r-prerel-windows-x86_64 1.3.4 39.00 444.00 483.00 ERROR
r-patched-linux-x86_64 1.3.4 42.70 95.46 138.16 NOTE
r-release-linux-x86_64 1.3.4 42.35 94.30 136.65 NOTE
r-release-macos-arm64 1.3.4 59.00 NOTE
r-release-macos-x86_64 1.3.4 99.00 NOTE
r-release-windows-x86_64 1.3.4 49.00 847.00 896.00 NOTE
r-oldrel-macos-arm64 1.3.4 58.00 NOTE
r-oldrel-windows-x86_64 1.3.4 47.00 731.00 778.00 OK

Check Details

Version: 1.3.4
Check: C++ specification
Result: NOTE Specified C++11: please drop specification unless essential Flavors: r-devel-linux-x86_64-debian-clang, r-devel-linux-x86_64-debian-gcc, r-devel-linux-x86_64-fedora-clang, r-devel-linux-x86_64-fedora-gcc, r-prerel-macos-arm64, r-prerel-macos-x86_64, r-prerel-windows-x86_64, r-patched-linux-x86_64, r-release-linux-x86_64, r-release-macos-arm64, r-release-macos-x86_64, r-release-windows-x86_64

Version: 1.3.4
Check: installed package size
Result: NOTE installed size is 6.3Mb sub-directories of 1Mb or more: data 1.6Mb extdata 1.1Mb libs 3.1Mb Flavors: r-prerel-macos-arm64, r-prerel-macos-x86_64, r-release-macos-arm64, r-release-macos-x86_64, r-oldrel-macos-arm64

Version: 1.3.4
Check: re-building of vignette outputs
Result: ERROR Error(s) in re-building vignettes: --- re-building 'cb2-input-handling.Rmd' using rmarkdown Quitting from lines at lines 53-55 [unnamed-chunk-5] (cb2-input-handling.Rmd) Error: processing vignette 'cb2-input-handling.Rmd' failed with diagnostics: cannot open the connection to 'https://raw.githubusercontent.com/hyunhwaj/CB2-Experiments/master/01_gene-level-analysis/data/Evers/CRISPRn-RT112.csv' --- failed re-building 'cb2-input-handling.Rmd' --- re-building 'cb2-tutorial.Rmd' using rmarkdown >RAB_3 CTGTAGAAGCTACATCGGCT >RAB_4 AGCACATACACGAGCGGAAA >RAB_5 TACCCGTTCAAGTCATCCGC @BASE1-1 TATTTATTTTGCTACTTAATAATTGGGACTGTGCCCAGCGCGGCGGCAAGAAAAAAATGAAGATTATAATGTGTAATTTA + IIIIIIIIIIIIIIIIIIIIIIIIIIIIIIIIIIIIIIIIIIIIIIIIIIIIIIIIIIIIIIIIIIIIIIIIIIIIIIII @BASE1-2 TATTTATTTTGCTACTTAATAATTGGGACTCAACTATTGCTGATCATCCTAAAAAAATGAAGATTATAATGTGTAATTTA + IIIIIIIIIIIIIIIIIIIIIIIIIIIIIIIIIIIIIIIIIIIIIIIIIIIIIIIIIIIIIIIIIIIIIIIIIIIIIIII --- finished re-building 'cb2-tutorial.Rmd' SUMMARY: processing the following file failed: 'cb2-input-handling.Rmd' Error: Vignette re-building failed. Execution halted Flavor: r-prerel-windows-x86_64