CRAN Package Check Results for Package CAvariants

Last updated on 2021-09-21 07:49:57 CEST.

Flavor Version Tinstall Tcheck Ttotal Status Flags
r-devel-linux-x86_64-debian-clang 5.6 8.77 81.66 90.43 OK
r-devel-linux-x86_64-debian-gcc 5.6 7.62 60.28 67.90 OK
r-devel-linux-x86_64-fedora-clang 5.6 118.57 OK
r-devel-linux-x86_64-fedora-gcc 5.6 103.64 OK
r-devel-windows-x86_64 5.6 10.00 75.00 85.00 OK
r-devel-windows-x86_64-gcc10-UCRT 5.6 ERROR
r-patched-linux-x86_64 5.6 10.15 76.50 86.65 OK
r-patched-solaris-x86 5.6 141.70 OK
r-release-linux-x86_64 5.6 7.11 75.92 83.03 OK
r-release-macos-arm64 5.6 OK
r-release-macos-x86_64 5.6 OK
r-release-windows-ix86+x86_64 5.6 23.00 108.00 131.00 OK
r-oldrel-macos-x86_64 5.6 OK
r-oldrel-windows-ix86+x86_64 5.6 21.00 77.00 98.00 OK

Check Details

Version: 5.6
Check: whether package can be installed
Result: WARN
    Found the following significant warnings:
     WARNING: installation-time patches will not be applied, could not get the patches index
Flavor: r-devel-windows-x86_64-gcc10-UCRT

Version: 5.6
Check: PDF version of manual
Result: WARN
    LaTeX errors when creating PDF version.
    This typically indicates Rd problems.
Flavor: r-devel-windows-x86_64-gcc10-UCRT

Version: 5.6
Check: PDF version of manual without hyperrefs or index
Result: ERROR
    Re-running with no redirection of stdout/stderr.
Flavor: r-devel-windows-x86_64-gcc10-UCRT