Last updated on 2021-04-18 03:46:43 CEST.
Flavor | Version | Tinstall | Tcheck | Ttotal | Status | Flags |
---|---|---|---|---|---|---|
r-devel-linux-x86_64-debian-clang | 0.5.1 | 13.40 | 288.71 | 302.11 | OK | |
r-devel-linux-x86_64-debian-gcc | 0.5.1 | 10.51 | 220.51 | 231.02 | OK | |
r-devel-linux-x86_64-fedora-clang | 0.5.1 | 368.24 | OK | |||
r-devel-linux-x86_64-fedora-gcc | 0.5.1 | 359.70 | OK | |||
r-devel-windows-ix86+x86_64 | 0.5.1 | 39.00 | 321.00 | 360.00 | OK | |
r-devel-windows-x86_64-gcc10-UCRT | 0.5.1 | OK | ||||
r-patched-linux-x86_64 | 0.5.1 | 13.03 | 272.41 | 285.44 | OK | |
r-patched-solaris-x86 | 0.5.1 | 527.60 | NOTE | |||
r-release-linux-x86_64 | 0.5.1 | 15.61 | 275.04 | 290.65 | OK | |
r-release-macos-x86_64 | 0.5.1 | OK | ||||
r-release-windows-ix86+x86_64 | 0.5.1 | 29.00 | 280.00 | 309.00 | OK | |
r-oldrel-macos-x86_64 | 0.5.1 | OK | ||||
r-oldrel-windows-ix86+x86_64 | 0.5.1 | 21.00 | 317.00 | 338.00 | OK |
Version: 0.5.1
Check: installed package size
Result: NOTE
installed size is 5.1Mb
sub-directories of 1Mb or more:
doc 3.3Mb
extdata 1.6Mb
Flavor: r-patched-solaris-x86