CRAN Package Check Results for Package CADFtest

Last updated on 2021-01-20 03:48:01 CET.

Flavor Version Tinstall Tcheck Ttotal Status Flags
r-devel-linux-x86_64-debian-clang 0.3-3 6.50 80.56 87.06 OK
r-devel-linux-x86_64-debian-gcc 0.3-3 5.21 61.19 66.40 OK
r-devel-linux-x86_64-fedora-clang 0.3-3 112.10 OK
r-devel-linux-x86_64-fedora-gcc 0.3-3 109.87 OK
r-devel-windows-ix86+x86_64 0.3-3 11.00 83.00 94.00 OK
r-patched-linux-x86_64 0.3-3 6.18 76.76 82.94 OK
r-patched-solaris-x86 0.3-3 160.40 OK
r-release-linux-x86_64 0.3-3 6.30 76.90 83.20 WARN
r-release-macos-x86_64 0.3-3 OK
r-release-windows-ix86+x86_64 0.3-3 14.00 87.00 101.00 OK
r-oldrel-macos-x86_64 0.3-3 OK
r-oldrel-windows-ix86+x86_64 0.3-3 9.00 77.00 86.00 OK

Check Details

Version: 0.3-3
Check: re-building of vignette outputs
Result: WARN
    Error(s) in re-building vignettes:
     ...
    --- re-building ‘CADFtest.Rnw’ using Sweave
    Loading required package: dynlm
    Loading required package: zoo
    
    Attaching package: 'zoo'
    
    The following objects are masked from 'package:base':
    
     as.Date, as.Date.numeric
    
    Loading required package: sandwich
    Loading required package: tseries
    Loading required package: urca
    Registered S3 methods overwritten by 'CADFtest':
     method from
     bread.mlm sandwich
     estfun.mlm sandwich
    Error: processing vignette 'CADFtest.Rnw' failed with diagnostics:
    Running ‘texi2dvi’ on ‘CADFtest.tex’ failed.
    LaTeX errors:
    ! Undefined control sequence.
    <recently read> \Hy@colorlink
    
    l.42 \begin{document}
    
    ! Undefined control sequence.
    \close@pdflink ->\Hy@endcolorlink
     \Hy@VerboseLinkStop \pdfendlink
    l.42 \begin{document}
    
    ! Undefined control sequence.
    <recently read> \Hy@colorlink
    
    l.42 \begin{document}
    
    ! Undefined control sequence.
    \close@pdflink ->\Hy@endcolorlink
     \Hy@VerboseLinkStop \pdfendlink
    l.42 \begin{document}
    
    ! Undefined control sequence.
    <recently read> \Hy@colorlink
    
    l.42 \begin{document}
    
    ! Undefined control sequence.
    \close@pdflink ->\Hy@endcolorlink
     \Hy@VerboseLinkStop \pdfendlink
    l.42 \begin{document}
    
    ! Undefined control sequence.
    <recently read> \Hy@colorlink
    
    l.42 \begin{document}
    
    ! Undefined control sequence.
    \close@pdflink ->\Hy@endcolorlink
     \Hy@VerboseLinkStop \pdfendlink
    l.42 \begin{document}
    
    --- failed re-building 'CADFtest.Rnw'
    
    SUMMARY: processing the following file failed:
     'CADFtest.Rnw'
    
    Error: Vignette re-building failed.
    Execution halted
Flavor: r-release-linux-x86_64