CRAN Package Check Results for Package C50

Last updated on 2024-06-19 12:27:03 CEST.

Flavor Version Tinstall Tcheck Ttotal Status Flags
r-devel-linux-x86_64-debian-clang 0.1.8 22.22 104.84 127.06 OK
r-devel-linux-x86_64-debian-gcc 0.1.8 20.82 76.94 97.76 OK
r-devel-linux-x86_64-fedora-clang 0.1.8 158.84 OK
r-devel-linux-x86_64-fedora-gcc 0.1.8 174.94 OK
r-devel-windows-x86_64 0.1.8 35.00 99.00 134.00 OK
r-patched-linux-x86_64 0.1.8 24.58 100.26 124.84 OK
r-release-linux-x86_64 0.1.8 23.18 100.29 123.47 OK
r-release-macos-arm64 0.1.8 58.00 OK
r-release-macos-x86_64 0.1.8 86.00 OK
r-release-windows-x86_64 0.1.8 35.00 98.00 133.00 WARN
r-oldrel-macos-arm64 0.1.8 61.00 OK
r-oldrel-macos-x86_64 0.1.8 94.00 OK
r-oldrel-windows-x86_64 0.1.8 39.00 114.00 153.00 OK

Check Details

Version: 0.1.8
Check: for missing documentation entries
Result: WARN Fatal error: couldn't allocate node stack All user-level objects in a package should have documentation entries. See chapter 'Writing R documentation files' in the 'Writing R Extensions' manual. Flavor: r-release-windows-x86_64

Version: 0.1.8
Check: for code/documentation mismatches
Result: WARN Error: memory exhausted Execution halted Error: package or namespace load failed for 'C50' in inDL(x, as.logical(local), as.logical(now), ...): unable to load shared object 'D:/RCompile/CRANpkg/lib/4.4/mvtnorm/libs/x64/mvtnorm.dll': LoadLibrary failure: Die Auslagerungsdatei ist zu klein, um diesen Vorgang durchzuf├╝hren. Call sequence: 6: stop(msg, call. = FALSE, domain = NA) 5: value[[3L]](cond) 4: tryCatchOne(expr, names, parentenv, handlers[[1L]]) 3: tryCatchList(expr, classes, parentenv, handlers) 2: tryCatch({ attr(package, "LibPath") <- which.lib.loc ns <- loadNamespace(package, lib.loc) env <- attachNamespace(ns, pos = pos, deps, exclude, include.only) }, error = function(e) { P <- if (!is.null(cc <- conditionCall(e))) paste(" in", deparse(cc)[1L]) else "" msg <- gettextf("package or namespace load failed for %s%s:\n %s", sQuote(package), P, conditionMessage(e)) if (logical.return && !quietly) message(paste("Error:", msg), dom Execution halted Flavor: r-release-windows-x86_64

Version: 0.1.8
Check: compilation flags in Makevars
Result: NOTE Lost warning messages Error: no more error handlers available (recursive errors?); invoking 'abort' restart Execution halted Flavor: r-release-windows-x86_64