CRAN Package Check Results for Package C443

Last updated on 2021-04-14 23:47:05 CEST.

Flavor Version Tinstall Tcheck Ttotal Status Flags
r-devel-linux-x86_64-debian-clang 3.1.0 12.20 121.94 134.14 OK
r-devel-linux-x86_64-debian-gcc 3.1.0 9.02 91.01 100.03 OK
r-devel-linux-x86_64-fedora-clang 3.1.0 172.42 NOTE
r-devel-linux-x86_64-fedora-gcc 3.1.0 152.19 NOTE
r-devel-windows-ix86+x86_64 3.1.0 29.00 178.00 207.00 OK
r-devel-windows-x86_64-gcc10-UCRT 3.1.0 NOTE
r-patched-linux-x86_64 3.1.0 9.46 111.29 120.75 OK
r-patched-solaris-x86 3.1.0 219.00 NOTE
r-release-linux-x86_64 3.1.0 9.58 111.34 120.92 OK
r-release-macos-x86_64 3.1.0 NOTE
r-release-windows-ix86+x86_64 3.1.0 28.00 141.00 169.00 OK
r-oldrel-macos-x86_64 3.1.0 NOTE
r-oldrel-windows-ix86+x86_64 3.1.0 16.00 95.00 111.00 OK

Check Details

Version: 3.1.0
Check: dependencies in R code
Result: NOTE
    Namespaces in Imports field not imported from:
     ‘qgraph’ ‘reshape2’
     All declared Imports should be used.
Flavors: r-devel-linux-x86_64-fedora-clang, r-devel-linux-x86_64-fedora-gcc, r-devel-windows-x86_64-gcc10-UCRT, r-patched-solaris-x86, r-release-macos-x86_64, r-oldrel-macos-x86_64