CRAN Package Check Results for Package BusinessDuration

Last updated on 2024-06-19 00:49:24 CEST.

Flavor Version Tinstall Tcheck Ttotal Status Flags
r-devel-linux-x86_64-debian-clang 0.2.0 1.57 21.33 22.90 NOTE
r-devel-linux-x86_64-debian-gcc 0.2.0 1.87 16.71 18.58 NOTE
r-devel-linux-x86_64-fedora-clang 0.2.0 30.94 NOTE
r-devel-linux-x86_64-fedora-gcc 0.2.0 28.86 NOTE
r-devel-windows-x86_64 0.2.0 2.00 47.00 49.00 NOTE
r-patched-linux-x86_64 0.2.0 2.53 20.56 23.09 NOTE
r-release-linux-x86_64 0.2.0 1.54 21.37 22.91 NOTE
r-release-macos-arm64 0.2.0 14.00 NOTE
r-release-macos-x86_64 0.2.0 21.00 NOTE
r-release-windows-x86_64 0.2.0 3.00 38.00 41.00 NOTE
r-oldrel-macos-arm64 0.2.0 15.00 NOTE
r-oldrel-macos-x86_64 0.2.0 19.00 NOTE
r-oldrel-windows-x86_64 0.2.0 3.00 41.00 44.00 NOTE

Check Details

Version: 0.2.0
Check: LazyData
Result: NOTE 'LazyData' is specified without a 'data' directory Flavors: r-devel-linux-x86_64-debian-clang, r-devel-linux-x86_64-debian-gcc, r-devel-linux-x86_64-fedora-clang, r-devel-linux-x86_64-fedora-gcc, r-devel-windows-x86_64, r-patched-linux-x86_64, r-release-linux-x86_64, r-release-macos-arm64, r-release-macos-x86_64, r-release-windows-x86_64, r-oldrel-macos-arm64, r-oldrel-macos-x86_64, r-oldrel-windows-x86_64