Last updated on 2021-01-17 11:49:16 CET.
Flavor | Version | Tinstall | Tcheck | Ttotal | Status | Flags |
---|---|---|---|---|---|---|
r-devel-linux-x86_64-debian-clang | 1.1 | 2.71 | 26.09 | 28.80 | OK | |
r-devel-linux-x86_64-debian-gcc | 1.1 | 2.06 | 20.85 | 22.91 | OK | |
r-devel-linux-x86_64-fedora-clang | 1.1 | 44.68 | NOTE | |||
r-devel-linux-x86_64-fedora-gcc | 1.1 | 35.09 | OK | |||
r-devel-windows-ix86+x86_64 | 1.1 | 4.00 | 33.00 | 37.00 | OK | |
r-patched-linux-x86_64 | 1.1 | 2.80 | 24.98 | 27.78 | OK | |
r-patched-solaris-x86 | 1.1 | 53.10 | OK | |||
r-release-linux-x86_64 | 1.1 | 2.80 | 25.32 | 28.12 | OK | |
r-release-macos-x86_64 | 1.1 | OK | ||||
r-release-windows-ix86+x86_64 | 1.1 | 4.00 | 35.00 | 39.00 | OK | |
r-oldrel-macos-x86_64 | 1.1 | OK | ||||
r-oldrel-windows-ix86+x86_64 | 1.1 | 4.00 | 29.00 | 33.00 | OK |
Version: 1.1
Check: Rd cross-references
Result: NOTE
Undeclared packages ‘Hmisc’, ‘gtools’ in Rd xrefs
Flavor: r-devel-linux-x86_64-fedora-clang