CRAN Package Check Results for Package BrokenAdaptiveRidge

Last updated on 2024-06-16 04:51:35 CEST.

Flavor Version Tinstall Tcheck Ttotal Status Flags
r-devel-linux-x86_64-debian-clang 1.0.0 10.26 91.38 101.64 OK
r-devel-linux-x86_64-debian-gcc 1.0.0 8.00 67.89 75.89 OK
r-devel-linux-x86_64-fedora-clang 1.0.0 110.69 OK
r-devel-linux-x86_64-fedora-gcc 1.0.0 113.20 OK
r-devel-windows-x86_64 1.0.0 9.00 80.00 89.00 OK
r-patched-linux-x86_64 1.0.0 17.19 86.24 103.43 OK
r-release-linux-x86_64 1.0.0 6.54 86.96 93.50 OK
r-release-macos-arm64 1.0.0 38.00 OK
r-release-macos-x86_64 1.0.0 94.00 OK
r-release-windows-x86_64 1.0.0 9.00 85.00 94.00 WARN
r-oldrel-macos-arm64 1.0.0 38.00 OK
r-oldrel-macos-x86_64 1.0.0 65.00 OK
r-oldrel-windows-x86_64 1.0.0 12.00 98.00 110.00 OK

Check Details

Version: 1.0.0
Check: for code/documentation mismatches
Result: WARN During startup - Warning message: package 'grDevices' in options("defaultPackages") was not found Error: package 'Cyclops' could not be loaded Call sequence: 3: stop(gettextf("package %s could not be loaded", sQuote(pkg)), call. = FALSE, domain = NA) 2: .getRequiredPackages2(pkgInfo, quietly = quietly, lib.loc = c(lib.loc, .libPaths())) 1: library(package, lib.loc = lib.loc, character.only = TRUE, verbose = FALSE) Execution halted Flavor: r-release-windows-x86_64