CRAN Package Check Results for Package Bivariate.Pareto

Last updated on 2024-05-21 23:52:31 CEST.

Flavor Version Tinstall Tcheck Ttotal Status Flags
r-devel-linux-x86_64-debian-clang 1.0.3 17.55 85.39 102.94 NOTE
r-devel-linux-x86_64-debian-gcc 1.0.3 11.43 64.29 75.72 NOTE
r-devel-linux-x86_64-fedora-clang 1.0.3 127.87 NOTE
r-devel-linux-x86_64-fedora-gcc 1.0.3 120.44 NOTE
r-devel-windows-x86_64 1.0.3 12.00 75.00 87.00 NOTE
r-patched-linux-x86_64 1.0.3 15.50 83.86 99.36 NOTE
r-release-linux-x86_64 1.0.3 15.84 81.77 97.61 NOTE
r-release-macos-arm64 1.0.3 39.00 NOTE
r-release-windows-x86_64 1.0.3 12.00 75.00 87.00 NOTE
r-oldrel-macos-arm64 1.0.3 37.00 NOTE
r-oldrel-macos-x86_64 1.0.3 70.00 NOTE
r-oldrel-windows-x86_64 1.0.3 17.00 87.00 104.00 NOTE

Check Details

Version: 1.0.3
Check: LazyData
Result: NOTE 'LazyData' is specified without a 'data' directory Flavors: r-devel-linux-x86_64-debian-clang, r-devel-linux-x86_64-debian-gcc, r-devel-linux-x86_64-fedora-clang, r-devel-linux-x86_64-fedora-gcc, r-devel-windows-x86_64, r-patched-linux-x86_64, r-release-linux-x86_64, r-release-macos-arm64, r-release-windows-x86_64, r-oldrel-macos-arm64, r-oldrel-macos-x86_64, r-oldrel-windows-x86_64