Last updated on 2022-08-12 03:53:21 CEST.
Flavor | Version | Tinstall | Tcheck | Ttotal | Status | Flags |
---|---|---|---|---|---|---|
r-devel-linux-x86_64-debian-clang | 1.0.4 | 1.95 | 19.93 | 21.88 | NOTE | |
r-devel-linux-x86_64-debian-gcc | 1.0.4 | 1.84 | 15.39 | 17.23 | NOTE | |
r-devel-linux-x86_64-fedora-clang | 1.0.4 | 38.28 | NOTE | |||
r-devel-linux-x86_64-fedora-gcc | 1.0.4 | 37.90 | NOTE | |||
r-devel-windows-x86_64 | 1.0.4 | 120.00 | 51.00 | 171.00 | NOTE | |
r-patched-linux-x86_64 | 1.0.4 | 2.12 | 19.05 | 21.17 | OK | |
r-release-linux-x86_64 | 1.0.4 | 1.55 | 19.20 | 20.75 | OK | |
r-release-macos-arm64 | 1.0.4 | 18.00 | NOTE | |||
r-release-macos-x86_64 | 1.0.4 | 25.00 | NOTE | |||
r-release-windows-x86_64 | 1.0.4 | 243.00 | 51.00 | 294.00 | OK | |
r-oldrel-macos-arm64 | 1.0.4 | 14.00 | NOTE | |||
r-oldrel-macos-x86_64 | 1.0.4 | 20.00 | NOTE | |||
r-oldrel-windows-ix86+x86_64 | 1.0.4 | 8.00 | 40.00 | 48.00 | OK |
Version: 1.0.4
Check: package subdirectories
Result: NOTE
Problems with news in 'NEWS.md':
No news entries found.
Flavors: r-devel-linux-x86_64-debian-clang, r-devel-linux-x86_64-debian-gcc, r-devel-linux-x86_64-fedora-clang, r-devel-linux-x86_64-fedora-gcc, r-devel-windows-x86_64
Version: 1.0.4
Check: data for non-ASCII characters
Result: NOTE
Note: found 46 marked UTF-8 strings
Flavors: r-devel-linux-x86_64-fedora-clang, r-devel-linux-x86_64-fedora-gcc, r-release-macos-arm64, r-release-macos-x86_64, r-oldrel-macos-arm64, r-oldrel-macos-x86_64