CRAN Package Check Results for Package BiodiversityR

Last updated on 2021-05-07 19:49:10 CEST.

Flavor Version Tinstall Tcheck Ttotal Status Flags
r-devel-linux-x86_64-debian-clang 2.13-1 68.30 284.17 352.47 OK
r-devel-linux-x86_64-debian-gcc 2.13-1 46.03 209.81 255.84 OK
r-devel-linux-x86_64-fedora-clang 2.13-1 470.54 NOTE
r-devel-linux-x86_64-fedora-gcc 2.13-1 459.04 OK
r-devel-windows-ix86+x86_64 2.13-1 94.00 292.00 386.00 OK
r-devel-windows-x86_64-gcc10-UCRT 2.13-1 OK
r-patched-linux-x86_64 2.13-1 62.02 272.52 334.54 OK
r-patched-solaris-x86 2.13-1 545.90 OK
r-release-linux-x86_64 2.13-1 51.49 257.58 309.07 OK
r-release-macos-x86_64 2.13-1 OK
r-release-windows-ix86+x86_64 2.13-1 61.00 193.00 254.00 OK
r-oldrel-macos-x86_64 2.13-1 WARN
r-oldrel-windows-ix86+x86_64 2.13-1 77.00 251.00 328.00 OK

Check Details

Version: 2.13-1
Check: Rd cross-references
Result: NOTE
    Undeclared packages ‘ggplot2’, ‘pvclust’ in Rd xrefs
Flavor: r-devel-linux-x86_64-fedora-clang

Version: 2.13-1
Check: dependencies in R code
Result: NOTE
    No protocol specified
    No protocol specified
Flavor: r-oldrel-macos-x86_64

Version: 2.13-1
Check: S3 generic/method consistency
Result: WARN
    No protocol specified
    No protocol specified
    See section ‘Generic functions and methods’ in the ‘Writing R
    Extensions’ manual.
Flavor: r-oldrel-macos-x86_64

Version: 2.13-1
Check: replacement functions
Result: WARN
    No protocol specified
    No protocol specified
    The argument of a replacement function which corresponds to the right
    hand side must be named ‘value’.
Flavor: r-oldrel-macos-x86_64

Version: 2.13-1
Check: foreign function calls
Result: NOTE
    No protocol specified
    No protocol specified
    See chapter ‘System and foreign language interfaces’ in the ‘Writing R
    Extensions’ manual.
Flavor: r-oldrel-macos-x86_64

Version: 2.13-1
Check: R code for possible problems
Result: NOTE
    No protocol specified
    No protocol specified
Flavor: r-oldrel-macos-x86_64

Version: 2.13-1
Check: for missing documentation entries
Result: WARN
    No protocol specified
    No protocol specified
    All user-level objects in a package should have documentation entries.
    See chapter ‘Writing R documentation files’ in the ‘Writing R
    Extensions’ manual.
Flavor: r-oldrel-macos-x86_64

Version: 2.13-1
Check: for code/documentation mismatches
Result: WARN
    No protocol specified
    No protocol specified
    No protocol specified
    No protocol specified
    No protocol specified
    No protocol specified
Flavor: r-oldrel-macos-x86_64

Version: 2.13-1
Check: Rd \usage sections
Result: NOTE
    No protocol specified
    No protocol specified
    The \usage entries for S3 methods should use the \method markup and not
    their full name.
    See chapter ‘Writing R documentation files’ in the ‘Writing R
    Extensions’ manual.
Flavor: r-oldrel-macos-x86_64