CRAN Package Check Results for Package Binarize

Last updated on 2021-09-21 15:50:39 CEST.

Flavor Version Tinstall Tcheck Ttotal Status Flags
r-devel-linux-x86_64-debian-clang 1.3 9.89 47.33 57.22 OK
r-devel-linux-x86_64-debian-gcc 1.3 6.97 36.20 43.17 OK
r-devel-linux-x86_64-fedora-clang 1.3 80.66 NOTE
r-devel-linux-x86_64-fedora-gcc 1.3 64.66 OK
r-devel-windows-x86_64 1.3 15.00 55.00 70.00 OK
r-devel-windows-x86_64-gcc10-UCRT 1.3 ERROR
r-patched-linux-x86_64 1.3 9.40 45.48 54.88 OK
r-patched-solaris-x86 1.3 92.80 OK
r-release-linux-x86_64 1.3 9.33 45.26 54.59 OK
r-release-macos-arm64 1.3 OK
r-release-macos-x86_64 1.3 OK
r-release-windows-ix86+x86_64 1.3 25.00 86.00 111.00 OK
r-oldrel-macos-x86_64 1.3 OK
r-oldrel-windows-ix86+x86_64 1.3 19.00 63.00 82.00 OK

Check Details

Version: 1.3
Check: Rd cross-references
Result: NOTE
    Undeclared package ‘BoolNet’ in Rd xrefs
Flavor: r-devel-linux-x86_64-fedora-clang

Version: 1.3
Check: whether package can be installed
Result: ERROR
    Installation failed.
Flavor: r-devel-windows-x86_64-gcc10-UCRT