CRAN Package Check Results for Package BinQuasi

Last updated on 2021-09-22 07:51:07 CEST.

Flavor Version Tinstall Tcheck Ttotal Status Flags
r-devel-linux-x86_64-debian-clang 0.1-6 40.28 550.25 590.53 OK
r-devel-linux-x86_64-debian-gcc 0.1-6 35.46 405.08 440.54 OK
r-devel-linux-x86_64-fedora-clang 0.1-6 736.05 OK
r-devel-linux-x86_64-fedora-gcc 0.1-6 702.90 OK
r-devel-windows-x86_64 0.1-6 41.00 449.00 490.00 OK
r-devel-windows-x86_64-gcc10-UCRT 0.1-6 ERROR
r-patched-linux-x86_64 0.1-6 44.95 528.66 573.61 OK
r-patched-solaris-x86 0.1-6 925.80 OK
r-release-linux-x86_64 0.1-6 40.11 518.88 558.99 OK
r-release-macos-arm64 0.1-6 OK
r-release-macos-x86_64 0.1-6 ERROR
r-release-windows-ix86+x86_64 0.1-6 90.00 733.00 823.00 OK
r-oldrel-macos-x86_64 0.1-6 ERROR
r-oldrel-windows-ix86+x86_64 0.1-6 95.00 731.00 826.00 OK

Check Details

Version: 0.1-6
Check: whether package can be installed
Result: ERROR
    Installation failed.
Flavor: r-devel-windows-x86_64-gcc10-UCRT

Version: 0.1-6
Check: package dependencies
Result: ERROR
    Package required but not available: ‘csaw’
    
    See section ‘The DESCRIPTION file’ in the ‘Writing R Extensions’
    manual.
Flavors: r-release-macos-x86_64, r-oldrel-macos-x86_64