CRAN Package Check Results for Package BiDimRegression

Last updated on 2021-03-09 07:49:33 CET.

Flavor Version Tinstall Tcheck Ttotal Status Flags
r-devel-linux-x86_64-debian-clang 2.0.0 3.05 35.36 38.41 NOTE
r-devel-linux-x86_64-debian-gcc 2.0.0 2.73 27.36 30.09 NOTE
r-devel-linux-x86_64-fedora-clang 2.0.0 56.53 NOTE
r-devel-linux-x86_64-fedora-gcc 2.0.0 47.88 NOTE
r-devel-windows-ix86+x86_64 2.0.0 7.00 53.00 60.00 OK
r-devel-windows-x86_64-gcc10-UCRT 2.0.0 OK
r-patched-linux-x86_64 2.0.0 3.25 33.65 36.90 NOTE
r-patched-solaris-x86 2.0.0 70.50 NOTE
r-release-linux-x86_64 2.0.0 3.62 33.58 37.20 NOTE
r-release-macos-x86_64 2.0.0 OK
r-release-windows-ix86+x86_64 2.0.0 5.00 45.00 50.00 OK
r-oldrel-macos-x86_64 2.0.0 OK
r-oldrel-windows-ix86+x86_64 2.0.0 6.00 37.00 43.00 OK

Check Details

Version: 2.0.0
Check: for non-standard things in the check directory
Result: NOTE
    Found the following files/directories:
     'BiDimRegrOutput.txt'
Flavors: r-devel-linux-x86_64-debian-clang, r-devel-linux-x86_64-debian-gcc, r-devel-linux-x86_64-fedora-clang, r-devel-linux-x86_64-fedora-gcc, r-patched-linux-x86_64, r-patched-solaris-x86, r-release-linux-x86_64