CRAN Package Check Results for Package BenfordTests

Last updated on 2021-01-26 15:49:40 CET.

Flavor Version Tinstall Tcheck Ttotal Status Flags
r-devel-linux-x86_64-debian-clang 1.2.0 3.69 25.94 29.63 OK
r-devel-linux-x86_64-debian-gcc 1.2.0 2.63 20.41 23.04 OK
r-devel-linux-x86_64-fedora-clang 1.2.0 46.11 NOTE
r-devel-linux-x86_64-fedora-gcc 1.2.0 37.72 NOTE
r-devel-windows-ix86+x86_64 1.2.0 9.00 52.00 61.00 OK
r-patched-linux-x86_64 1.2.0 3.09 24.99 28.08 OK
r-patched-solaris-x86 1.2.0 50.70 OK
r-release-linux-x86_64 1.2.0 3.12 25.23 28.35 OK
r-release-macos-x86_64 1.2.0 OK
r-release-windows-ix86+x86_64 1.2.0 234.00 51.00 285.00 OK
r-oldrel-macos-x86_64 1.2.0 OK
r-oldrel-windows-ix86+x86_64 1.2.0 8.00 59.00 67.00 OK

Check Details

Version: 1.2.0
Check: compiled code
Result: NOTE
    File ‘BenfordTests/libs/BenfordTests.so’:
     Found no calls to: ‘R_registerRoutines’, ‘R_useDynamicSymbols’
    
    It is good practice to register native routines and to disable symbol
    search.
    
    See ‘Writing portable packages’ in the ‘Writing R Extensions’ manual.
Flavors: r-devel-linux-x86_64-fedora-clang, r-devel-linux-x86_64-fedora-gcc