CRAN Package Check Results for Package BeSS

Last updated on 2021-09-21 07:49:55 CEST.

Flavor Version Tinstall Tcheck Ttotal Status Flags
r-devel-linux-x86_64-debian-clang 2.0.3 109.59 91.15 200.74 OK
r-devel-linux-x86_64-debian-gcc 2.0.3 75.49 75.10 150.59 OK
r-devel-linux-x86_64-fedora-clang 2.0.3 271.79 NOTE
r-devel-linux-x86_64-fedora-gcc 2.0.3 251.91 OK
r-devel-windows-x86_64 2.0.3 81.00 102.00 183.00 OK
r-devel-windows-x86_64-gcc10-UCRT 2.0.3 ERROR
r-patched-linux-x86_64 2.0.3 103.89 92.35 196.24 OK
r-patched-solaris-x86 2.0.3 250.80 OK
r-release-linux-x86_64 2.0.3 96.73 91.37 188.10 OK
r-release-macos-arm64 2.0.3 NOTE
r-release-macos-x86_64 2.0.3 NOTE
r-release-windows-ix86+x86_64 2.0.3 210.00 176.00 386.00 OK
r-oldrel-macos-x86_64 2.0.3 NOTE
r-oldrel-windows-ix86+x86_64 2.0.3 205.00 143.00 348.00 OK

Check Details

Version: 2.0.3
Check: installed package size
Result: NOTE
     installed size is 26.3Mb
     sub-directories of 1Mb or more:
     libs 25.2Mb
Flavors: r-devel-linux-x86_64-fedora-clang, r-release-macos-arm64, r-release-macos-x86_64, r-oldrel-macos-x86_64

Version: 2.0.3
Check: whether package can be installed
Result: ERROR
    Installation failed.
Flavor: r-devel-windows-x86_64-gcc10-UCRT