CRAN Package Check Results for Package BayesianPower

Last updated on 2023-02-06 11:55:59 CET.

Flavor Version Tinstall Tcheck Ttotal Status Flags
r-devel-linux-x86_64-debian-clang 0.2.3 1.59 32.66 34.25 NOTE
r-devel-linux-x86_64-debian-gcc 0.2.3 1.58 24.25 25.83 NOTE
r-devel-linux-x86_64-fedora-clang 0.2.3 43.44 NOTE
r-devel-linux-x86_64-fedora-gcc 0.2.3 54.82 NOTE
r-devel-windows-x86_64 0.2.3 27.00 62.00 89.00 NOTE
r-patched-linux-x86_64 0.2.3 1.79 32.24 34.03 NOTE
r-release-linux-x86_64 0.2.3 2.17 31.74 33.91 NOTE
r-release-macos-arm64 0.2.3 17.00 NOTE
r-release-macos-x86_64 0.2.3 26.00 NOTE
r-release-windows-x86_64 0.2.3 29.00 63.00 92.00 NOTE
r-oldrel-macos-arm64 0.2.3 25.00 NOTE
r-oldrel-macos-x86_64 0.2.3 32.00 NOTE
r-oldrel-windows-ix86+x86_64 0.2.3 6.00 60.00 66.00 NOTE

Check Details

Version: 0.2.3
Check: LazyData
Result: NOTE
     'LazyData' is specified without a 'data' directory
Flavors: r-devel-linux-x86_64-debian-clang, r-devel-linux-x86_64-debian-gcc, r-devel-linux-x86_64-fedora-clang, r-devel-linux-x86_64-fedora-gcc, r-devel-windows-x86_64, r-patched-linux-x86_64, r-release-linux-x86_64, r-release-macos-arm64, r-release-macos-x86_64, r-release-windows-x86_64, r-oldrel-macos-arm64, r-oldrel-macos-x86_64, r-oldrel-windows-ix86+x86_64