CRAN Package Check Results for Package BayesTools

Last updated on 2022-05-18 03:53:32 CEST.

Flavor Version Tinstall Tcheck Ttotal Status Flags
r-devel-linux-x86_64-debian-clang 0.2.10 17.07 471.10 488.17 OK
r-devel-linux-x86_64-debian-gcc 0.2.10 13.39 330.94 344.33 OK
r-devel-linux-x86_64-fedora-clang 0.2.10 539.55 NOTE
r-devel-linux-x86_64-fedora-gcc 0.2.10 612.89 NOTE
r-devel-windows-x86_64 0.2.10 957.00 528.00 1485.00 OK
r-patched-linux-x86_64 0.2.10 15.54 431.92 447.46 OK
r-release-linux-x86_64 0.2.10 14.23 441.75 455.98 OK
r-release-macos-arm64 0.2.10 129.00 NOTE
r-release-macos-x86_64 0.2.10 211.00 NOTE
r-release-windows-x86_64 0.2.10 854.00 503.00 1357.00 OK
r-oldrel-macos-arm64 0.2.10 128.00 NOTE
r-oldrel-macos-x86_64 0.2.10 181.00 NOTE
r-oldrel-windows-ix86+x86_64 0.2.10 25.00 515.00 540.00 OK

Check Details

Version: 0.2.10
Check: dependencies in R code
Result: NOTE
    Namespaces in Imports field not imported from:
     ‘Rdpack’ ‘rjags’
     All declared Imports should be used.
Flavors: r-devel-linux-x86_64-fedora-clang, r-devel-linux-x86_64-fedora-gcc, r-release-macos-arm64, r-release-macos-x86_64, r-oldrel-macos-arm64, r-oldrel-macos-x86_64