CRAN Package Check Results for Package BayesProject

Last updated on 2021-12-02 04:02:12 CET.

Flavor Version Tinstall Tcheck Ttotal Status Flags
r-devel-linux-x86_64-debian-clang 1.0 29.99 30.24 60.23 OK
r-devel-linux-x86_64-debian-gcc 1.0 22.92 24.57 47.49 OK
r-devel-linux-x86_64-fedora-clang 1.0 102.11 NOTE
r-devel-linux-x86_64-fedora-gcc 1.0 85.00 OK
r-devel-windows-x86_64-new-UL 1.0 43.00 99.00 142.00 OK
r-devel-windows-x86_64-new-TK 1.0 OK
r-devel-windows-x86_64-old 1.0 39.00 52.00 91.00 OK
r-patched-linux-x86_64 1.0 25.41 29.71 55.12 OK
r-patched-solaris-x86 1.0 91.60 OK
r-release-linux-x86_64 1.0 26.75 30.44 57.19 OK
r-release-macos-arm64 1.0 NOTE
r-release-macos-x86_64 1.0 NOTE
r-release-windows-ix86+x86_64 1.0 71.00 80.00 151.00 OK
r-oldrel-macos-x86_64 1.0 NOTE
r-oldrel-windows-ix86+x86_64 1.0 72.00 78.00 150.00 OK

Check Details

Version: 1.0
Check: installed package size
Result: NOTE
     installed size is 7.0Mb
     sub-directories of 1Mb or more:
     libs 6.9Mb
Flavors: r-devel-linux-x86_64-fedora-clang, r-release-macos-arm64, r-release-macos-x86_64, r-oldrel-macos-x86_64