CRAN Package Check Results for Package BayesProject

Last updated on 2021-06-16 19:49:39 CEST.

Flavor Version Tinstall Tcheck Ttotal Status Flags
r-devel-linux-x86_64-debian-clang 1.0 32.00 31.71 63.71 OK
r-devel-linux-x86_64-debian-gcc 1.0 22.39 25.29 47.68 OK
r-devel-linux-x86_64-fedora-clang 1.0 95.41 NOTE
r-devel-linux-x86_64-fedora-gcc 1.0 79.93 OK
r-devel-windows-x86_64 1.0 39.00 56.00 95.00 OK
r-devel-windows-x86_64-gcc10-UCRT 1.0 OK
r-patched-linux-x86_64 1.0 27.35 31.32 58.67 OK
r-patched-solaris-x86 1.0 92.00 OK
r-release-linux-x86_64 1.0 23.60 31.21 54.81 OK
r-release-macos-arm64 1.0 NOTE
r-release-macos-x86_64 1.0 NOTE
r-release-windows-ix86+x86_64 1.0 72.00 74.00 146.00 OK
r-oldrel-macos-x86_64 1.0 NOTE
r-oldrel-windows-ix86+x86_64 1.0 47.00 68.00 115.00 OK

Check Details

Version: 1.0
Check: installed package size
Result: NOTE
     installed size is 7.0Mb
     sub-directories of 1Mb or more:
     libs 6.9Mb
Flavors: r-devel-linux-x86_64-fedora-clang, r-release-macos-arm64, r-release-macos-x86_64, r-oldrel-macos-x86_64